Last updated on 2025-10-23 11:50:09 CEST.
Flavor | Version | Tinstall | Tcheck | Ttotal | Status | Flags |
---|---|---|---|---|---|---|
r-devel-linux-x86_64-debian-clang | 0.3-1 | 5.69 | 52.41 | 58.10 | NOTE | |
r-devel-linux-x86_64-debian-gcc | 0.3-1 | 4.52 | 39.31 | 43.83 | OK | |
r-devel-linux-x86_64-fedora-clang | 0.3-1 | 72.98 | OK | |||
r-devel-linux-x86_64-fedora-gcc | 0.3-1 | 15.00 | 86.73 | 101.73 | OK | |
r-devel-windows-x86_64 | 0.3-1 | 7.00 | 69.00 | 76.00 | OK | |
r-patched-linux-x86_64 | 0.3-1 | 6.07 | 48.85 | 54.92 | OK | |
r-release-linux-x86_64 | 0.3-1 | 6.02 | 49.34 | 55.36 | OK | |
r-release-macos-arm64 | 0.3-1 | 5.00 | 32.00 | 37.00 | OK | |
r-release-macos-x86_64 | 0.3-1 | 8.00 | 93.00 | 101.00 | OK | |
r-release-windows-x86_64 | 0.3-1 | 10.00 | 72.00 | 82.00 | OK | |
r-oldrel-macos-arm64 | 0.3-1 | 3.00 | 31.00 | 34.00 | OK | |
r-oldrel-macos-x86_64 | 0.3-1 | 7.00 | 77.00 | 84.00 | OK | |
r-oldrel-windows-x86_64 | 0.3-1 | 10.00 | 83.00 | 93.00 | OK |
Version: 0.3-1
Check: HTML version of manual
Result: NOTE
Found the following HTML validation problems:
cdec_data_flags.html:46:1 (cdec_data_flags.Rd:10): Warning: missing </ul> before </div>
cdec_meta.html:50:1 (cdec_meta.Rd:12): Warning: missing </ul> before </div>
cdec_sensors.html:46:1 (cdec_sensors.Rd:10): Warning: missing </ul> before </div>
Flavor: r-devel-linux-x86_64-debian-clang
These binaries (installable software) and packages are in development.
They may not be fully stable and should be used with caution. We make no claims about them.