CRAN Package Check Results for Package cdfquantreg

Last updated on 2025-11-14 09:49:58 CET.

Flavor Version Tinstall Tcheck Ttotal Status Flags
r-devel-linux-x86_64-debian-clang 1.3.1-2 15.01 84.49 99.50 NOTE
r-devel-linux-x86_64-debian-gcc 1.3.1-2 8.68 58.25 66.93 NOTE
r-devel-linux-x86_64-fedora-clang 1.3.1-2 43.00 123.05 166.05 OK
r-devel-linux-x86_64-fedora-gcc 1.3.1-2 69.00 104.87 173.87 OK
r-devel-windows-x86_64 1.3.1-2 13.00 99.00 112.00 NOTE
r-patched-linux-x86_64 1.3.1-2 14.35 80.27 94.62 OK
r-release-linux-x86_64 1.3.1-2 13.09 80.12 93.21 OK
r-release-macos-arm64 1.3.1-2 5.00 40.00 45.00 OK
r-release-macos-x86_64 1.3.1-2 11.00 85.00 96.00 OK
r-release-windows-x86_64 1.3.1-2 14.00 96.00 110.00 OK
r-oldrel-macos-arm64 1.3.1-2 5.00 47.00 52.00 OK
r-oldrel-macos-x86_64 1.3.1-2 9.00 69.00 78.00 OK
r-oldrel-windows-x86_64 1.3.1-2 14.00 118.00 132.00 OK

Check Details

Version: 1.3.1-2
Check: Rd files
Result: NOTE checkRd: (-1) cdfquantregFT.Rd:69-76: Only 5 columns allowed in this table (row 1 has 4) checkRd: (-1) cdfquantregFT.Rd:69-76: Only 5 columns allowed in this table (row 2 has 4) checkRd: (-1) cdfquantregFT.Rd:69-76: Only 5 columns allowed in this table (row 3 has 4) checkRd: (-1) cdfquantregFT.Rd:69-76: Only 5 columns allowed in this table (row 4 has 4) checkRd: (-1) cdfquantregFT.Rd:69-76: Only 5 columns allowed in this table (row 5 has 4) checkRd: (-1) cdfquantregFT.Rd:69-76: Only 5 columns allowed in this table (row 6 has 4) Flavors: r-devel-linux-x86_64-debian-clang, r-devel-linux-x86_64-debian-gcc, r-devel-windows-x86_64

These binaries (installable software) and packages are in development.
They may not be fully stable and should be used with caution. We make no claims about them.