CRAN Package Check Results for Package cdiWG2WS

Last updated on 2025-05-24 03:50:28 CEST.

Flavor Version Tinstall Tcheck Ttotal Status Flags
r-devel-linux-x86_64-debian-clang 0.1.2 2.03 20.46 22.49 OK
r-devel-linux-x86_64-debian-gcc 0.1.2 1.47 16.79 18.26 OK
r-devel-linux-x86_64-fedora-clang 0.1.2 32.24 OK
r-devel-linux-x86_64-fedora-gcc 0.1.2 30.87 OK
r-devel-windows-x86_64 0.1.2 3.00 76.00 79.00 OK
r-patched-linux-x86_64 0.1.2 2.18 18.38 20.56 OK
r-release-linux-x86_64 0.1.2 1.71 18.19 19.90 OK
r-release-macos-arm64 0.1.2 35.00 OK
r-release-macos-x86_64 41.00 WARN
r-release-windows-x86_64 0.1.2 4.00 70.00 74.00 OK
r-oldrel-macos-arm64 0.1.2 33.00 OK
r-oldrel-macos-x86_64 0.1.2 39.00 OK
r-oldrel-windows-x86_64 0.1.2 6.00 45.00 51.00 OK

Check Details

Version: 0.1.2
Check: whether the package can be loaded with stated dependencies
Result: WARN Fatal error: cannot create 'R_TempDir' It looks like this package (or one of its dependent packages) has an unstated dependence on a standard package. All dependencies must be declared in DESCRIPTION. See section ‘The DESCRIPTION file’ in the ‘Writing R Extensions’ manual. Flavor: r-release-macos-x86_64

Version: 0.1.2
Check: whether the package can be unloaded cleanly
Result: WARN Fatal error: cannot create 'R_TempDir' Flavor: r-release-macos-x86_64

These binaries (installable software) and packages are in development.
They may not be fully stable and should be used with caution. We make no claims about them.