Last updated on 2025-02-19 06:50:41 CET.
Flavor | Version | Tinstall | Tcheck | Ttotal | Status | Flags |
---|---|---|---|---|---|---|
r-devel-linux-x86_64-debian-clang | 1.0.5 | 14.97 | 136.63 | 151.60 | OK | |
r-devel-linux-x86_64-debian-gcc | 1.0.5 | 12.28 | 93.98 | 106.26 | OK | |
r-devel-linux-x86_64-fedora-clang | 1.0.5 | 251.04 | OK | |||
r-devel-linux-x86_64-fedora-gcc | 1.0.5 | 233.51 | OK | |||
r-devel-macos-arm64 | 1.0.5 | 65.00 | OK | |||
r-devel-macos-x86_64 | 1.0.5 | 133.00 | OK | |||
r-devel-windows-x86_64 | 1.0.5 | 16.00 | 131.00 | 147.00 | OK | |
r-patched-linux-x86_64 | 1.0.5 | 16.41 | 126.17 | 142.58 | OK | |
r-release-linux-x86_64 | 1.0.5 | 16.25 | 126.04 | 142.29 | OK | |
r-release-macos-arm64 | 1.0.5 | 64.00 | OK | |||
r-release-macos-x86_64 | 1.0.5 | 106.00 | OK | |||
r-release-windows-x86_64 | 1.0.5 | 17.00 | 3.00 | 20.00 | FAIL | |
r-oldrel-macos-arm64 | 1.0.5 | 62.00 | OK | |||
r-oldrel-macos-x86_64 | 1.0.5 | 122.00 | OK | |||
r-oldrel-windows-x86_64 | 1.0.5 | 24.00 | 166.00 | 190.00 | OK |
Version: 1.0.5
Check: package dependencies
Result: FAIL
Flavor: r-release-windows-x86_64
These binaries (installable software) and packages are in development.
They may not be fully stable and should be used with caution. We make no claims about them.