Last updated on 2025-11-13 01:50:16 CET.
| Flavor | Version | Tinstall | Tcheck | Ttotal | Status | Flags |
|---|---|---|---|---|---|---|
| r-devel-linux-x86_64-debian-clang | 0.1.0 | 6.16 | 58.35 | 64.51 | NOTE | |
| r-devel-linux-x86_64-debian-gcc | 0.1.0 | 5.12 | 41.51 | 46.63 | NOTE | |
| r-devel-linux-x86_64-fedora-clang | 0.1.0 | 15.00 | 84.99 | 99.99 | OK | |
| r-devel-linux-x86_64-fedora-gcc | 0.1.0 | 13.00 | 81.66 | 94.66 | OK | |
| r-devel-windows-x86_64 | 0.1.0 | 7.00 | 66.00 | 73.00 | OK | |
| r-patched-linux-x86_64 | 0.1.0 | 6.17 | 52.34 | 58.51 | OK | |
| r-release-linux-x86_64 | 0.1.0 | 5.80 | 52.29 | 58.09 | OK | |
| r-release-macos-arm64 | 0.1.0 | 2.00 | 23.00 | 25.00 | OK | |
| r-release-macos-x86_64 | 0.1.0 | 7.00 | 58.00 | 65.00 | OK | |
| r-release-windows-x86_64 | 0.1.0 | 8.00 | 64.00 | 72.00 | OK | |
| r-oldrel-macos-arm64 | 0.1.0 | 3.00 | 23.00 | 26.00 | OK | |
| r-oldrel-macos-x86_64 | 0.1.0 | 3.00 | 41.00 | 44.00 | OK | |
| r-oldrel-windows-x86_64 | 0.1.0 | 10.00 | 81.00 | 91.00 | OK |
Version: 0.1.0
Check: CRAN incoming feasibility
Result: NOTE
Maintainer: ‘Philippe Massicotte <pm@bios.au.dk>’
Package CITATION file contains call(s) to old-style personList() or
as.personList(). Please use c() on person objects instead.
Package CITATION file contains call(s) to old-style citEntry(). Please
use bibentry() instead.
Flavors: r-devel-linux-x86_64-debian-clang, r-devel-linux-x86_64-debian-gcc
These binaries (installable software) and packages are in development.
They may not be fully stable and should be used with caution. We make no claims about them.