CRAN Package Check Results for Package cdom

Last updated on 2025-10-23 11:50:09 CEST.

Flavor Version Tinstall Tcheck Ttotal Status Flags
r-devel-linux-x86_64-debian-clang 0.1.0 6.66 58.19 64.85 NOTE
r-devel-linux-x86_64-debian-gcc 0.1.0 4.50 41.68 46.18 NOTE
r-devel-linux-x86_64-fedora-clang 0.1.0 78.81 OK
r-devel-linux-x86_64-fedora-gcc 0.1.0 15.00 79.46 94.46 OK
r-devel-windows-x86_64 0.1.0 7.00 66.00 73.00 OK
r-patched-linux-x86_64 0.1.0 6.30 53.37 59.67 OK
r-release-linux-x86_64 0.1.0 6.44 52.43 58.87 OK
r-release-macos-arm64 0.1.0 2.00 23.00 25.00 OK
r-release-macos-x86_64 0.1.0 7.00 58.00 65.00 OK
r-release-windows-x86_64 0.1.0 8.00 67.00 75.00 OK
r-oldrel-macos-arm64 0.1.0 3.00 23.00 26.00 OK
r-oldrel-macos-x86_64 0.1.0 3.00 41.00 44.00 OK
r-oldrel-windows-x86_64 0.1.0 10.00 84.00 94.00 OK

Check Details

Version: 0.1.0
Check: CRAN incoming feasibility
Result: NOTE Maintainer: ‘Philippe Massicotte <pm@bios.au.dk>’ Package CITATION file contains call(s) to old-style personList() or as.personList(). Please use c() on person objects instead. Package CITATION file contains call(s) to old-style citEntry(). Please use bibentry() instead. Flavors: r-devel-linux-x86_64-debian-clang, r-devel-linux-x86_64-debian-gcc

These binaries (installable software) and packages are in development.
They may not be fully stable and should be used with caution. We make no claims about them.