Last updated on 2025-11-12 12:53:06 CET.
| Flavor | Version | Tinstall | Tcheck | Ttotal | Status | Flags |
|---|---|---|---|---|---|---|
| r-devel-linux-x86_64-debian-clang | 1.0.1 | 17.74 | 137.28 | 155.02 | NOTE | |
| r-devel-linux-x86_64-debian-gcc | 1.0.1 | 11.58 | 97.44 | 109.02 | NOTE | |
| r-devel-linux-x86_64-fedora-clang | 1.0.1 | 36.00 | 197.81 | 233.81 | OK | |
| r-devel-linux-x86_64-fedora-gcc | 1.0.1 | 37.00 | 195.08 | 232.08 | OK | |
| r-devel-windows-x86_64 | 1.0.1 | 18.00 | 126.00 | 144.00 | OK | |
| r-patched-linux-x86_64 | 1.0.1 | 16.56 | 125.38 | 141.94 | OK | |
| r-release-linux-x86_64 | 1.0.1 | 14.05 | 124.42 | 138.47 | OK | |
| r-release-macos-arm64 | 1.0.1 | 7.00 | 58.00 | 65.00 | OK | |
| r-release-macos-x86_64 | 1.0.1 | 13.00 | 101.00 | 114.00 | OK | |
| r-release-windows-x86_64 | 1.0.1 | 18.00 | 124.00 | 142.00 | OK | |
| r-oldrel-macos-arm64 | 1.0.1 | 7.00 | 58.00 | 65.00 | OK | |
| r-oldrel-macos-x86_64 | 1.0.1 | 14.00 | 84.00 | 98.00 | OK | |
| r-oldrel-windows-x86_64 | 1.0.1 | 25.00 | 163.00 | 188.00 | OK |
Version: 1.0.1
Check: CRAN incoming feasibility
Result: NOTE
Maintainer: ‘Norm Matloff <normmatloff@gmail.com>’
No Authors@R field in DESCRIPTION.
Please add one, modifying
Authors@R: c(person(given = "Norm",
family = "Matloff",
role = c("aut", "cre"),
email = "normmatloff@gmail.com"),
person(given = "Vincent",
family = "Yang",
role = "aut",
email = "vinyang@ucdavis.edu"),
person(given = "Harrison",
family = "Nguyen",
role = "aut",
email = "hhnguy@ucdavis.edu"))
as necessary.
Flavors: r-devel-linux-x86_64-debian-clang, r-devel-linux-x86_64-debian-gcc
These binaries (installable software) and packages are in development.
They may not be fully stable and should be used with caution. We make no claims about them.