Last updated on 2025-05-28 21:50:00 CEST.
Flavor | Version | Tinstall | Tcheck | Ttotal | Status | Flags |
---|---|---|---|---|---|---|
r-devel-linux-x86_64-debian-clang | 1.0.2 | 54.53 | 133.72 | 188.25 | OK | |
r-devel-linux-x86_64-debian-gcc | 1.0.2 | 47.87 | 95.96 | 143.83 | OK | |
r-devel-linux-x86_64-fedora-clang | 1.0.2 | 293.51 | OK | |||
r-devel-linux-x86_64-fedora-gcc | 1.0.2 | 294.96 | OK | |||
r-devel-windows-x86_64 | 1.0.2 | 55.00 | 139.00 | 194.00 | OK | |
r-patched-linux-x86_64 | 1.0.2 | 55.25 | 126.28 | 181.53 | OK | |
r-release-linux-x86_64 | 1.0.2 | 50.32 | 125.53 | 175.85 | OK | |
r-release-macos-arm64 | 1.0.2 | 102.00 | OK | |||
r-release-macos-x86_64 | 1.0.2 | 187.00 | OK | |||
r-release-windows-x86_64 | 1.0.2 | 53.00 | 136.00 | 189.00 | OK | |
r-oldrel-macos-arm64 | 1.0.2 | 112.00 | NOTE | |||
r-oldrel-macos-x86_64 | 1.0.2 | 147.00 | NOTE | |||
r-oldrel-windows-x86_64 | 1.0.2 | 75.00 | 188.00 | 263.00 | OK |
Version: 1.0.2
Check: installed package size
Result: NOTE
installed size is 5.9Mb
sub-directories of 1Mb or more:
data 5.5Mb
Flavors: r-oldrel-macos-arm64, r-oldrel-macos-x86_64
These binaries (installable software) and packages are in development.
They may not be fully stable and should be used with caution. We make no claims about them.