Last updated on 2025-10-03 13:49:28 CEST.
Flavor | Version | Tinstall | Tcheck | Ttotal | Status | Flags |
---|---|---|---|---|---|---|
r-devel-linux-x86_64-debian-clang | 2.5.4 | 109.51 | 283.50 | 393.01 | OK | |
r-devel-linux-x86_64-debian-gcc | 2.5.4 | 77.57 | 203.43 | 281.00 | OK | |
r-devel-linux-x86_64-fedora-clang | 2.5.4 | 756.64 | OK | |||
r-devel-linux-x86_64-fedora-gcc | 2.5.4 | 453.29 | OK | |||
r-devel-windows-x86_64 | 2.5.4 | 123.00 | 294.00 | 417.00 | OK | |
r-patched-linux-x86_64 | 2.5.4 | 113.26 | 274.83 | 388.09 | OK | |
r-release-linux-x86_64 | 2.5.4 | 110.37 | 274.73 | 385.10 | OK | |
r-release-macos-arm64 | 2.5.4 | 253.00 | OK | |||
r-release-macos-x86_64 | 2.5.4 | 326.00 | OK | |||
r-release-windows-x86_64 | 2.5.4 | 128.00 | 290.00 | 418.00 | OK | |
r-oldrel-macos-arm64 | 2.5.4 | 166.00 | NOTE | |||
r-oldrel-macos-x86_64 | 2.5.4 | 450.00 | NOTE | |||
r-oldrel-windows-x86_64 | 2.5.4 | 154.00 | 380.00 | 534.00 | NOTE |
Version: 2.5.4
Check: installed package size
Result: NOTE
installed size is 15.3Mb
sub-directories of 1Mb or more:
data 3.2Mb
doc 2.0Mb
libs 9.6Mb
Flavors: r-oldrel-macos-arm64, r-oldrel-macos-x86_64, r-oldrel-windows-x86_64
These binaries (installable software) and packages are in development.
They may not be fully stable and should be used with caution. We make no claims about them.