Last updated on 2025-11-12 12:53:06 CET.
| Flavor | Version | Tinstall | Tcheck | Ttotal | Status | Flags |
|---|---|---|---|---|---|---|
| r-devel-linux-x86_64-debian-clang | 0.2 | 2.44 | 31.13 | 33.57 | NOTE | |
| r-devel-linux-x86_64-debian-gcc | 0.2 | 1.80 | 23.69 | 25.49 | NOTE | |
| r-devel-linux-x86_64-fedora-clang | 0.2 | 50.03 | OK | |||
| r-devel-linux-x86_64-fedora-gcc | 0.2 | 47.64 | OK | |||
| r-devel-windows-x86_64 | 0.2 | 4.00 | 54.00 | 58.00 | OK | |
| r-patched-linux-x86_64 | 0.2 | 2.51 | 29.38 | 31.89 | OK | |
| r-release-linux-x86_64 | 0.2 | 2.40 | 29.62 | 32.02 | OK | |
| r-release-macos-arm64 | 0.2 | 1.00 | 20.00 | 21.00 | OK | |
| r-release-macos-x86_64 | 0.2 | 5.00 | 38.00 | 43.00 | OK | |
| r-release-windows-x86_64 | 0.2 | 4.00 | 55.00 | 59.00 | OK | |
| r-oldrel-macos-arm64 | 0.2 | 1.00 | 18.00 | 19.00 | OK | |
| r-oldrel-macos-x86_64 | 0.2 | 2.00 | 26.00 | 28.00 | OK | |
| r-oldrel-windows-x86_64 | 0.2 | 5.00 | 61.00 | 66.00 | OK |
Version: 0.2
Check: CRAN incoming feasibility
Result: NOTE
Maintainer: ‘Andre Fujita <andrefujita@usp.br>’
The Description field contains
structures (Relvas C. & Fujita A., (2020) <arXiv:2004.02333>).
Please refer to arXiv e-prints via their arXiv DOI <doi:10.48550/arXiv.YYMM.NNNNN>.
Flavors: r-devel-linux-x86_64-debian-clang, r-devel-linux-x86_64-debian-gcc
These binaries (installable software) and packages are in development.
They may not be fully stable and should be used with caution. We make no claims about them.