Last updated on 2025-07-22 19:51:44 CEST.
Flavor | Version | Tinstall | Tcheck | Ttotal | Status | Flags |
---|---|---|---|---|---|---|
r-devel-linux-x86_64-debian-clang | 2.0.0 | 46.04 | 71.77 | 117.81 | OK | |
r-devel-linux-x86_64-debian-gcc | 2.0.0 | 37.35 | 57.28 | 94.63 | OK | |
r-devel-linux-x86_64-fedora-clang | 2.0.0 | 192.27 | OK | |||
r-devel-linux-x86_64-fedora-gcc | 2.0.0 | 200.62 | OK | |||
r-devel-windows-x86_64 | 2.0.0 | 51.00 | 106.00 | 157.00 | OK | |
r-patched-linux-x86_64 | 2.0.0 | 50.80 | 73.00 | 123.80 | OK | |
r-release-linux-x86_64 | 2.0.0 | 52.85 | 73.38 | 126.23 | OK | |
r-release-macos-arm64 | 2.0.0 | 57.00 | OK | |||
r-release-macos-x86_64 | 2.0.0 | 108.00 | OK | |||
r-release-windows-x86_64 | 2.0.0 | 52.00 | 104.00 | 156.00 | OK | |
r-oldrel-macos-arm64 | 2.0.0 | 50.00 | NOTE | |||
r-oldrel-macos-x86_64 | 2.0.0 | 77.00 | NOTE | |||
r-oldrel-windows-x86_64 | 2.0.0 | 65.00 | 127.00 | 192.00 | OK |
Version: 2.0.0
Check: installed package size
Result: NOTE
installed size is 17.5Mb
sub-directories of 1Mb or more:
libs 17.3Mb
Flavors: r-oldrel-macos-arm64, r-oldrel-macos-x86_64
These binaries (installable software) and packages are in development.
They may not be fully stable and should be used with caution. We make no claims about them.