Last updated on 2025-10-23 17:50:43 CEST.
| Flavor | Version | Tinstall | Tcheck | Ttotal | Status | Flags |
|---|---|---|---|---|---|---|
| r-devel-linux-x86_64-debian-clang | 2.0.0 | 45.21 | 74.03 | 119.24 | NOTE | |
| r-devel-linux-x86_64-debian-gcc | 2.0.0 | 37.87 | 57.78 | 95.65 | OK | |
| r-devel-linux-x86_64-fedora-clang | 2.0.0 | 51.00 | 96.37 | 147.37 | OK | |
| r-devel-linux-x86_64-fedora-gcc | 2.0.0 | 105.00 | 93.31 | 198.31 | OK | |
| r-devel-windows-x86_64 | 2.0.0 | 52.00 | 106.00 | 158.00 | OK | |
| r-patched-linux-x86_64 | 2.0.0 | 52.23 | 76.34 | 128.57 | OK | |
| r-release-linux-x86_64 | 2.0.0 | 50.39 | 76.31 | 126.70 | OK | |
| r-release-macos-arm64 | 2.0.0 | 23.00 | 34.00 | 57.00 | OK | |
| r-release-macos-x86_64 | 2.0.0 | 39.00 | 69.00 | 108.00 | OK | |
| r-release-windows-x86_64 | 2.0.0 | 56.00 | 103.00 | 159.00 | OK | |
| r-oldrel-macos-arm64 | 2.0.0 | 18.00 | 32.00 | 50.00 | NOTE | |
| r-oldrel-macos-x86_64 | 2.0.0 | 28.00 | 49.00 | 77.00 | NOTE | |
| r-oldrel-windows-x86_64 | 2.0.0 | 67.00 | 135.00 | 202.00 | OK |
Version: 2.0.0
Check: HTML version of manual
Result: NOTE
Found the following HTML validation problems:
dnorkernel.html:50:1 (dnorkernel.Rd:12): Warning: missing </ul> before </div>
integ.html:58:1 (integ.Rd:16): Warning: missing </ul> before </div>
muro.html:46:1 (muro.Rd:10): Warning: missing </ul> before </div>
wIQR.html:50:1 (wIQR.Rd:12): Warning: missing </ul> before </div>
wquantile.html:54:1 (wquantile.Rd:14): Warning: missing </ul> before </div>
wvar.html:54:1 (wvar.Rd:14): Warning: missing </ul> before </div>
Flavor: r-devel-linux-x86_64-debian-clang
Version: 2.0.0
Check: installed package size
Result: NOTE
installed size is 17.5Mb
sub-directories of 1Mb or more:
libs 17.3Mb
Flavors: r-oldrel-macos-arm64, r-oldrel-macos-x86_64
These binaries (installable software) and packages are in development.
They may not be fully stable and should be used with caution. We make no claims about them.