CRAN Package Check Results for Package cencrne

Last updated on 2025-10-04 11:50:29 CEST.

Flavor Version Tinstall Tcheck Ttotal Status Flags
r-devel-linux-x86_64-debian-clang 1.0.0 6.51 63.67 70.18 OK
r-devel-linux-x86_64-debian-gcc 1.0.0 4.91 47.89 52.80 OK
r-devel-linux-x86_64-fedora-clang 1.0.0 107.60 NOTE
r-devel-linux-x86_64-fedora-gcc 1.0.0 118.47 NOTE
r-devel-windows-x86_64 1.0.0 9.00 74.00 83.00 OK
r-patched-linux-x86_64 1.0.0 7.19 62.26 69.45 OK
r-release-linux-x86_64 1.0.0 5.86 60.12 65.98 OK
r-release-macos-arm64 1.0.0 50.00 OK
r-release-macos-x86_64 1.0.0 103.00 OK
r-release-windows-x86_64 1.0.0 7.00 75.00 82.00 OK
r-oldrel-macos-arm64 1.0.0 37.00 OK
r-oldrel-macos-x86_64 1.0.0 96.00 OK
r-oldrel-windows-x86_64 1.0.0 10.00 90.00 100.00 OK

Check Details

Version: 1.0.0
Check: dependencies in R code
Result: NOTE Namespace in Imports field not imported from: ‘MASS’ All declared Imports should be used. Flavors: r-devel-linux-x86_64-fedora-clang, r-devel-linux-x86_64-fedora-gcc

These binaries (installable software) and packages are in development.
They may not be fully stable and should be used with caution. We make no claims about them.