CRAN Package Check Results for Package censCov

Last updated on 2025-07-26 07:50:17 CEST.

Flavor Version Tinstall Tcheck Ttotal Status Flags
r-devel-linux-x86_64-debian-clang 1.0-0 6.73 56.18 62.91 NOTE
r-devel-linux-x86_64-debian-gcc 1.0-0 4.37 42.70 47.07 NOTE
r-devel-linux-x86_64-fedora-clang 1.0-0 96.07 OK
r-devel-linux-x86_64-fedora-gcc 1.0-0 93.27 OK
r-devel-windows-x86_64 1.0-0 8.00 73.00 81.00 OK
r-patched-linux-x86_64 1.0-0 5.64 54.31 59.95 OK
r-release-linux-x86_64 1.0-0 5.90 53.68 59.58 OK
r-release-macos-arm64 1.0-0 34.00 OK
r-release-macos-x86_64 1.0-0 54.00 OK
r-release-windows-x86_64 1.0-0 8.00 79.00 87.00 OK
r-oldrel-macos-arm64 1.0-0 30.00 OK
r-oldrel-macos-x86_64 1.0-0 60.00 OK
r-oldrel-windows-x86_64 1.0-0 9.00 80.00 89.00 OK

Check Details

Version: 1.0-0
Check: CRAN incoming feasibility
Result: NOTE Maintainer: ‘Sy Han (Steven) Chiou <schiou@hsph.harvard.edu>’ No Authors@R field in DESCRIPTION. Please add one, modifying Authors@R: c(person(given = "Jing", family = "Qian", role = "aut"), person(given = c("Sy", "Han"), family = "Chiou", role = "aut", comment = "Steven"), person(given = c("Sy", "Han"), family = "Chiou", role = "cre", email = "schiou@hsph.harvard.edu", comment = "Steven")) as necessary. Flavors: r-devel-linux-x86_64-debian-clang, r-devel-linux-x86_64-debian-gcc

These binaries (installable software) and packages are in development.
They may not be fully stable and should be used with caution. We make no claims about them.