Last updated on 2025-05-01 14:49:06 CEST.
Flavor | Version | Tinstall | Tcheck | Ttotal | Status | Flags |
---|---|---|---|---|---|---|
r-devel-linux-x86_64-debian-clang | 0.5-38 | 5.79 | 81.36 | 87.15 | NOTE | |
r-devel-linux-x86_64-debian-gcc | 0.5-38 | 3.98 | 58.09 | 62.07 | NOTE | |
r-devel-linux-x86_64-fedora-clang | 0.5-38 | 146.10 | OK | |||
r-devel-linux-x86_64-fedora-gcc | 0.5-38 | 151.99 | OK | |||
r-devel-windows-x86_64 | 0.5-38 | 6.00 | 111.00 | 117.00 | OK | |
r-patched-linux-x86_64 | 0.5-38 | 4.19 | 77.89 | 82.08 | OK | |
r-release-linux-x86_64 | OK | |||||
r-release-macos-arm64 | 0.5-38 | 57.00 | OK | |||
r-release-macos-x86_64 | 0.5-38 | 135.00 | OK | |||
r-release-windows-x86_64 | 0.5-38 | 7.00 | 115.00 | 122.00 | OK | |
r-oldrel-macos-arm64 | 0.5-38 | 62.00 | OK | |||
r-oldrel-macos-x86_64 | 0.5-38 | 85.00 | OK | |||
r-oldrel-windows-x86_64 | 0.5-38 | 7.00 | 139.00 | 146.00 | OK |
Version: 0.5-38
Check: CRAN incoming feasibility
Result: NOTE
Maintainer: ‘Arne Henningsen <arne.henningsen@gmail.com>’
No Authors@R field in DESCRIPTION.
Please add one, modifying
Authors@R: person(given = "Arne",
family = "Henningsen",
role = c("aut", "cre"),
email = "arne.henningsen@gmail.com")
as necessary.
Flavors: r-devel-linux-x86_64-debian-clang, r-devel-linux-x86_64-debian-gcc
These binaries (installable software) and packages are in development.
They may not be fully stable and should be used with caution. We make no claims about them.