Last updated on 2025-02-21 15:51:45 CET.
Flavor | Version | Tinstall | Tcheck | Ttotal | Status | Flags |
---|---|---|---|---|---|---|
r-devel-linux-x86_64-debian-clang | 2.0 | 7.68 | 59.27 | 66.95 | NOTE | |
r-devel-linux-x86_64-debian-gcc | 2.0 | 6.06 | 43.51 | 49.57 | NOTE | |
r-devel-linux-x86_64-fedora-clang | 2.0 | 104.49 | NOTE | |||
r-devel-linux-x86_64-fedora-gcc | 2.0 | 100.91 | NOTE | |||
r-devel-macos-arm64 | 2.0 | 32.00 | NOTE | |||
r-devel-macos-x86_64 | 2.0 | 87.00 | NOTE | |||
r-devel-windows-x86_64 | 2.0 | 7.00 | 72.00 | 79.00 | NOTE | |
r-patched-linux-x86_64 | 2.0 | 6.71 | 55.93 | 62.64 | NOTE | |
r-release-linux-x86_64 | 2.0 | 5.23 | 55.71 | 60.94 | NOTE | |
r-release-macos-arm64 | 2.0 | 31.00 | NOTE | |||
r-release-macos-x86_64 | 2.0 | 57.00 | NOTE | |||
r-release-windows-x86_64 | 2.0 | 7.00 | 70.00 | 77.00 | NOTE | |
r-oldrel-macos-arm64 | 2.0 | 39.00 | NOTE | |||
r-oldrel-macos-x86_64 | 2.0 | 59.00 | NOTE | |||
r-oldrel-windows-x86_64 | 2.0 | 7.00 | 91.00 | 98.00 | NOTE |
Version: 2.0
Check: dependencies in R code
Result: NOTE
Unexported objects imported by ':::' calls:
‘copula:::dCdu’ ‘copula:::fitCopStart’
See the note in ?`:::` about the use of this operator.
Flavors: r-devel-linux-x86_64-debian-clang, r-devel-linux-x86_64-debian-gcc, r-devel-linux-x86_64-fedora-clang, r-devel-linux-x86_64-fedora-gcc, r-devel-macos-arm64, r-devel-macos-x86_64, r-devel-windows-x86_64, r-patched-linux-x86_64, r-release-linux-x86_64, r-release-macos-arm64, r-release-macos-x86_64, r-release-windows-x86_64, r-oldrel-macos-arm64, r-oldrel-macos-x86_64, r-oldrel-windows-x86_64
These binaries (installable software) and packages are in development.
They may not be fully stable and should be used with caution. We make no claims about them.