Last updated on 2025-05-01 14:49:06 CEST.
Flavor | Version | Tinstall | Tcheck | Ttotal | Status | Flags |
---|---|---|---|---|---|---|
r-devel-linux-x86_64-debian-clang | 0.3.3 | 15.40 | 428.40 | 443.80 | NOTE | |
r-devel-linux-x86_64-debian-gcc | 0.3.3 | 11.69 | 266.07 | 277.76 | OK | |
r-devel-linux-x86_64-fedora-clang | 0.3.3 | 741.53 | OK | |||
r-devel-linux-x86_64-fedora-gcc | 0.3.3 | 718.68 | OK | |||
r-devel-windows-x86_64 | 0.3.3 | 16.00 | 347.00 | 363.00 | OK | |
r-patched-linux-x86_64 | 0.3.3 | 15.89 | 409.42 | 425.31 | OK | |
r-release-linux-x86_64 | OK | |||||
r-release-macos-arm64 | 0.3.3 | 159.00 | OK | |||
r-release-macos-x86_64 | 0.3.3 | 292.00 | OK | |||
r-release-windows-x86_64 | 0.3.3 | 16.00 | 355.00 | 371.00 | OK | |
r-oldrel-macos-arm64 | 0.3.3 | 165.00 | OK | |||
r-oldrel-macos-x86_64 | 0.3.3 | 424.00 | OK | |||
r-oldrel-windows-x86_64 | 0.3.3 | 21.00 | 526.00 | 547.00 | OK |
Version: 0.3.3
Check: examples
Result: NOTE
Examples with CPU (user + system) or elapsed time > 5s
user system elapsed
survival_prob_partykit 4.986 0.098 7.541
Flavor: r-devel-linux-x86_64-debian-clang
These binaries (installable software) and packages are in development.
They may not be fully stable and should be used with caution. We make no claims about them.