Last updated on 2025-11-14 19:49:45 CET.
| Flavor | Version | Tinstall | Tcheck | Ttotal | Status | Flags |
|---|---|---|---|---|---|---|
| r-devel-linux-x86_64-debian-clang | 0.1.7 | 4.04 | 34.72 | 38.76 | NOTE | |
| r-devel-linux-x86_64-debian-gcc | 0.1.7 | 2.56 | 26.93 | 29.49 | NOTE | |
| r-devel-linux-x86_64-fedora-clang | 0.1.7 | 57.56 | OK | |||
| r-devel-windows-x86_64 | 0.1.7 | 7.00 | 53.00 | 60.00 | OK | |
| r-patched-linux-x86_64 | 0.1.7 | 4.10 | 33.36 | 37.46 | OK | |
| r-release-linux-x86_64 | 0.1.7 | 3.78 | 33.40 | 37.18 | OK | |
| r-release-macos-arm64 | 0.1.7 | 2.00 | 22.00 | 24.00 | OK | |
| r-release-macos-x86_64 | 0.1.7 | 3.00 | 31.00 | 34.00 | OK | |
| r-release-windows-x86_64 | 0.1.7 | 7.00 | 54.00 | 61.00 | OK | |
| r-oldrel-macos-arm64 | 0.1.7 | 2.00 | 20.00 | 22.00 | OK | |
| r-oldrel-macos-x86_64 | 0.1.7 | 3.00 | 27.00 | 30.00 | OK | |
| r-oldrel-windows-x86_64 | 0.1.7 | 8.00 | 60.00 | 68.00 | OK |
Version: 0.1.7
Check: CRAN incoming feasibility
Result: NOTE
Maintainer: ‘Duy Nghia Pham <nghiapham@yandex.com>’
Package CITATION file contains call(s) to old-style citEntry(). Please
use bibentry() instead.
Flavors: r-devel-linux-x86_64-debian-clang, r-devel-linux-x86_64-debian-gcc
These binaries (installable software) and packages are in development.
They may not be fully stable and should be used with caution. We make no claims about them.