CRAN Package Check Results for Package centrifugeR

Last updated on 2025-07-26 01:50:46 CEST.

Flavor Version Tinstall Tcheck Ttotal Status Flags
r-devel-linux-x86_64-debian-clang 0.1.7 3.95 33.58 37.53 NOTE
r-devel-linux-x86_64-debian-gcc 0.1.7 2.66 26.26 28.92 NOTE
r-devel-linux-x86_64-fedora-clang 0.1.7 57.05 OK
r-devel-linux-x86_64-fedora-gcc 0.1.7 55.02 OK
r-devel-windows-x86_64 0.1.7 6.00 65.00 71.00 OK
r-patched-linux-x86_64 0.1.7 3.76 31.37 35.13 OK
r-release-linux-x86_64 0.1.7 3.66 31.29 34.95 OK
r-release-macos-arm64 0.1.7 24.00 OK
r-release-macos-x86_64 0.1.7 34.00 OK
r-release-windows-x86_64 0.1.7 6.00 53.00 59.00 OK
r-oldrel-macos-arm64 0.1.7 22.00 OK
r-oldrel-macos-x86_64 0.1.7 30.00 OK
r-oldrel-windows-x86_64 0.1.7 7.00 60.00 67.00 OK

Check Details

Version: 0.1.7
Check: CRAN incoming feasibility
Result: NOTE Maintainer: ‘Duy Nghia Pham <nghiapham@yandex.com>’ Package CITATION file contains call(s) to old-style citEntry(). Please use bibentry() instead. Flavors: r-devel-linux-x86_64-debian-clang, r-devel-linux-x86_64-debian-gcc

These binaries (installable software) and packages are in development.
They may not be fully stable and should be used with caution. We make no claims about them.