Last updated on 2025-10-23 23:49:25 CEST.
| Flavor | Version | Tinstall | Tcheck | Ttotal | Status | Flags |
|---|---|---|---|---|---|---|
| r-devel-linux-x86_64-debian-clang | 0.1.7 | 3.67 | 35.10 | 38.77 | NOTE | |
| r-devel-linux-x86_64-debian-gcc | 0.1.7 | 2.79 | 26.68 | 29.47 | NOTE | |
| r-devel-linux-x86_64-fedora-clang | 0.1.7 | 48.32 | OK | |||
| r-devel-linux-x86_64-fedora-gcc | 0.1.7 | 55.58 | OK | |||
| r-devel-windows-x86_64 | 0.1.7 | 6.00 | 52.00 | 58.00 | OK | |
| r-patched-linux-x86_64 | 0.1.7 | 3.72 | 32.76 | 36.48 | OK | |
| r-release-linux-x86_64 | 0.1.7 | 3.30 | 33.46 | 36.76 | OK | |
| r-release-macos-arm64 | 0.1.7 | 2.00 | 22.00 | 24.00 | OK | |
| r-release-macos-x86_64 | 0.1.7 | 3.00 | 31.00 | 34.00 | OK | |
| r-release-windows-x86_64 | 0.1.7 | 6.00 | 52.00 | 58.00 | OK | |
| r-oldrel-macos-arm64 | 0.1.7 | 2.00 | 20.00 | 22.00 | OK | |
| r-oldrel-macos-x86_64 | 0.1.7 | 3.00 | 27.00 | 30.00 | OK | |
| r-oldrel-windows-x86_64 | 0.1.7 | 8.00 | 62.00 | 70.00 | OK |
Version: 0.1.7
Check: CRAN incoming feasibility
Result: NOTE
Maintainer: ‘Duy Nghia Pham <nghiapham@yandex.com>’
Package CITATION file contains call(s) to old-style citEntry(). Please
use bibentry() instead.
Flavors: r-devel-linux-x86_64-debian-clang, r-devel-linux-x86_64-debian-gcc
These binaries (installable software) and packages are in development.
They may not be fully stable and should be used with caution. We make no claims about them.