Last updated on 2025-10-23 17:50:43 CEST.
Flavor | Version | Tinstall | Tcheck | Ttotal | Status | Flags |
---|---|---|---|---|---|---|
r-devel-linux-x86_64-debian-clang | 0.1.2 | 3.87 | 32.91 | 36.78 | NOTE | |
r-devel-linux-x86_64-debian-gcc | 0.1.2 | 2.55 | 24.93 | 27.48 | OK | |
r-devel-linux-x86_64-fedora-clang | 0.1.2 | 48.03 | OK | |||
r-devel-linux-x86_64-fedora-gcc | 0.1.2 | 52.76 | OK | |||
r-devel-windows-x86_64 | 0.1.2 | 6.00 | 48.00 | 54.00 | OK | |
r-patched-linux-x86_64 | 0.1.2 | 3.99 | 31.70 | 35.69 | OK | |
r-release-linux-x86_64 | 0.1.2 | 3.63 | 31.69 | 35.32 | OK | |
r-release-macos-arm64 | 0.1.2 | 2.00 | 20.00 | 22.00 | OK | |
r-release-macos-x86_64 | 0.1.2 | 3.00 | 28.00 | 31.00 | OK | |
r-release-windows-x86_64 | 0.1.2 | 6.00 | 50.00 | 56.00 | OK | |
r-oldrel-macos-arm64 | 0.1.2 | 2.00 | 18.00 | 20.00 | NOTE | |
r-oldrel-macos-x86_64 | 0.1.2 | 3.00 | 26.00 | 29.00 | NOTE | |
r-oldrel-windows-x86_64 | 0.1.2 | 7.00 | 60.00 | 67.00 | NOTE |
Version: 0.1.2
Check: HTML version of manual
Result: NOTE
Found the following HTML validation problems:
busca_cep.html:50:1 (busca_cep.Rd:12): Warning: missing </ul> before </div>
busca_estado.html:60:1 (busca_estado.Rd:20): Warning: missing </ul> before </div>
busca_multi.html:50:1 (busca_multi.Rd:12): Warning: missing </ul> before </div>
Flavor: r-devel-linux-x86_64-debian-clang
Version: 0.1.2
Check: LazyData
Result: NOTE
'LazyData' is specified without a 'data' directory
Flavors: r-oldrel-macos-arm64, r-oldrel-macos-x86_64, r-oldrel-windows-x86_64
These binaries (installable software) and packages are in development.
They may not be fully stable and should be used with caution. We make no claims about them.