Last updated on 2025-05-01 15:49:27 CEST.
Flavor | Version | Tinstall | Tcheck | Ttotal | Status | Flags |
---|---|---|---|---|---|---|
r-devel-linux-x86_64-debian-clang | 1.7 | 2.15 | 29.48 | 31.63 | NOTE | |
r-devel-linux-x86_64-debian-gcc | 1.7 | 1.78 | 21.38 | 23.16 | NOTE | |
r-devel-linux-x86_64-fedora-clang | 1.7 | 48.75 | OK | |||
r-devel-linux-x86_64-fedora-gcc | 1.7 | 46.98 | OK | |||
r-devel-windows-x86_64 | 1.7 | 3.00 | 56.00 | 59.00 | OK | |
r-patched-linux-x86_64 | 1.7 | 1.67 | 27.50 | 29.17 | OK | |
r-release-linux-x86_64 | OK | |||||
r-release-macos-arm64 | 1.7 | 20.00 | OK | |||
r-release-macos-x86_64 | 1.7 | 38.00 | OK | |||
r-release-windows-x86_64 | 1.7 | 3.00 | 60.00 | 63.00 | OK | |
r-oldrel-macos-arm64 | 1.7 | 19.00 | OK | |||
r-oldrel-macos-x86_64 | 1.7 | 32.00 | OK | |||
r-oldrel-windows-x86_64 | 1.7 | 3.00 | 55.00 | 58.00 | OK |
Version: 1.7
Check: CRAN incoming feasibility
Result: NOTE
Maintainer: ‘Mohit Dayal <mohitdayal2000@gmail.com>’
No Authors@R field in DESCRIPTION.
Please add one, modifying
Authors@R: person(given = "Mohit",
family = "Dayal",
role = c("aut", "cre"),
email = "mohitdayal2000@gmail.com")
as necessary.
Flavors: r-devel-linux-x86_64-debian-clang, r-devel-linux-x86_64-debian-gcc
These binaries (installable software) and packages are in development.
They may not be fully stable and should be used with caution. We make no claims about them.