Last updated on 2025-05-01 12:49:24 CEST.
Flavor | Version | Tinstall | Tcheck | Ttotal | Status | Flags |
---|---|---|---|---|---|---|
r-devel-linux-x86_64-debian-clang | 2.1.0 | 7.01 | 162.26 | 169.27 | NOTE | |
r-devel-linux-x86_64-debian-gcc | 2.1.0 | 4.94 | 111.16 | 116.10 | NOTE | |
r-devel-linux-x86_64-fedora-clang | 2.1.0 | 261.73 | NOTE | |||
r-devel-linux-x86_64-fedora-gcc | 2.1.0 | 257.32 | NOTE | |||
r-devel-windows-x86_64 | 2.1.0 | 8.00 | 163.00 | 171.00 | NOTE | |
r-patched-linux-x86_64 | 2.1.0 | 6.37 | 152.99 | 159.36 | NOTE | |
r-release-linux-x86_64 | NOTE | |||||
r-release-macos-arm64 | 2.1.0 | 75.00 | NOTE | |||
r-release-macos-x86_64 | 2.1.0 | 173.00 | NOTE | |||
r-release-windows-x86_64 | 2.1.0 | 9.00 | 171.00 | 180.00 | NOTE | |
r-oldrel-macos-arm64 | 2.1.0 | 65.00 | OK | |||
r-oldrel-macos-x86_64 | 2.1.0 | 153.00 | OK | |||
r-oldrel-windows-x86_64 | 2.1.0 | 10.00 | 207.00 | 217.00 | OK |
Version: 2.1.0
Check: DESCRIPTION meta-information
Result: NOTE
Missing dependency on R >= 4.1.0 because package code uses the pipe
|> or function shorthand \(...) syntax added in R 4.1.0.
File(s) using such syntax:
‘ce-hg.R’ ‘ce-mean.R’ ‘ce-prepdata.R’ ‘ce-quantiles.R’ ‘ce-uccs.R’
‘get-survey-files.R’ ‘read-expd.R’ ‘read-fmld.R’ ‘read-fmli.R’
‘read-mtbi.R’ ‘recode-ce-variables.R’
Flavors: r-devel-linux-x86_64-debian-clang, r-devel-linux-x86_64-debian-gcc, r-devel-linux-x86_64-fedora-clang, r-devel-linux-x86_64-fedora-gcc, r-devel-windows-x86_64, r-patched-linux-x86_64, r-release-linux-x86_64, r-release-macos-arm64, r-release-macos-x86_64, r-release-windows-x86_64
These binaries (installable software) and packages are in development.
They may not be fully stable and should be used with caution. We make no claims about them.