CRAN Package Check Results for Package cequre

Last updated on 2025-02-02 14:48:19 CET.

Flavor Version Tinstall Tcheck Ttotal Status Flags
r-devel-linux-x86_64-debian-clang 1.5 3.75 28.63 32.38 NOTE
r-devel-linux-x86_64-debian-gcc 1.5 2.58 22.70 25.28 NOTE
r-devel-linux-x86_64-fedora-clang 1.5 55.01 NOTE
r-devel-linux-x86_64-fedora-gcc 1.5 65.35 NOTE
r-devel-windows-x86_64 1.5 6.00 48.00 54.00 NOTE
r-patched-linux-x86_64 1.5 3.20 27.71 30.91 NOTE
r-release-linux-x86_64 1.5 3.05 27.89 30.94 NOTE
r-release-macos-arm64 1.5 31.00 NOTE
r-release-macos-x86_64 1.5 43.00 NOTE
r-release-windows-x86_64 1.5 8.00 49.00 57.00 NOTE
r-oldrel-macos-arm64 1.5 40.00 OK
r-oldrel-macos-x86_64 1.5 76.00 OK
r-oldrel-windows-x86_64 1.5 6.00 51.00 57.00 OK

Check Details

Version: 1.5
Check: Rd files
Result: NOTE checkRd: (-1) cequre.Rd:31: Lost braces; missing escapes or markup? 31 | {epsi}^{# regression coefficients} times the initial value, | ^ checkRd: (-1) cequre.Rd:31: Lost braces; missing escapes or markup? 31 | {epsi}^{# regression coefficients} times the initial value, | ^ Flavors: r-devel-linux-x86_64-debian-clang, r-devel-linux-x86_64-debian-gcc, r-devel-linux-x86_64-fedora-clang, r-devel-linux-x86_64-fedora-gcc, r-devel-windows-x86_64, r-patched-linux-x86_64, r-release-linux-x86_64, r-release-macos-arm64, r-release-macos-x86_64, r-release-windows-x86_64

These binaries (installable software) and packages are in development.
They may not be fully stable and should be used with caution. We make no claims about them.