Last updated on 2025-05-01 15:49:27 CEST.
Flavor | Version | Tinstall | Tcheck | Ttotal | Status | Flags |
---|---|---|---|---|---|---|
r-devel-linux-x86_64-debian-clang | 0.12.1 | 14.13 | 501.53 | 515.66 | NOTE | |
r-devel-linux-x86_64-debian-gcc | 0.12.1 | 8.44 | 289.50 | 297.94 | OK | |
r-devel-linux-x86_64-fedora-clang | 0.12.1 | 804.76 | OK | |||
r-devel-linux-x86_64-fedora-gcc | 0.12.1 | 761.50 | OK | |||
r-devel-windows-x86_64 | 0.12.1 | 14.00 | 422.00 | 436.00 | OK | |
r-patched-linux-x86_64 | 0.12.1 | 14.01 | 478.38 | 492.39 | OK | |
r-release-linux-x86_64 | OK | |||||
r-release-macos-arm64 | 0.12.1 | 189.00 | OK | |||
r-release-macos-x86_64 | 0.12.1 | 294.00 | OK | |||
r-release-windows-x86_64 | 0.12.1 | 14.00 | 426.00 | 440.00 | OK | |
r-oldrel-macos-arm64 | 0.12.1 | 196.00 | OK | |||
r-oldrel-macos-x86_64 | 0.12.1 | 369.00 | OK | |||
r-oldrel-windows-x86_64 | 0.12.1 | 19.00 | 612.00 | 631.00 | OK |
Version: 0.12.1
Check: examples
Result: NOTE
Examples with CPU (user + system) or elapsed time > 5s
user system elapsed
care 5.506 0.151 6.450
flours 3.703 0.036 5.013
Flavor: r-devel-linux-x86_64-debian-clang
These binaries (installable software) and packages are in development.
They may not be fully stable and should be used with caution. We make no claims about them.