Last updated on 2025-05-02 02:50:50 CEST.
Flavor | Version | Tinstall | Tcheck | Ttotal | Status | Flags |
---|---|---|---|---|---|---|
r-devel-linux-x86_64-debian-clang | 0.2.0 | 1.92 | 41.12 | 43.04 | NOTE | |
r-devel-linux-x86_64-debian-gcc | 0.2.0 | 1.57 | 30.29 | 31.86 | OK | |
r-devel-linux-x86_64-fedora-clang | 0.2.0 | 64.75 | OK | |||
r-devel-linux-x86_64-fedora-gcc | 0.2.0 | 62.82 | OK | |||
r-devel-windows-x86_64 | 0.2.0 | 4.00 | 60.00 | 64.00 | OK | |
r-patched-linux-x86_64 | 0.2.0 | 1.60 | 38.15 | 39.75 | OK | |
r-release-linux-x86_64 | OK | |||||
r-release-macos-arm64 | 0.2.0 | 24.00 | OK | |||
r-release-macos-x86_64 | 0.2.0 | 56.00 | OK | |||
r-release-windows-x86_64 | 0.2.0 | 4.00 | 65.00 | 69.00 | OK | |
r-oldrel-macos-arm64 | 0.2.0 | 28.00 | OK | |||
r-oldrel-macos-x86_64 | 0.2.0 | 61.00 | OK | |||
r-oldrel-windows-x86_64 | 0.2.0 | 4.00 | 71.00 | 75.00 | OK |
Version: 0.2.0
Check: examples
Result: NOTE
Examples with CPU (user + system) or elapsed time > 5s
user system elapsed
cforward 5.023 0.202 6.933
Flavor: r-devel-linux-x86_64-debian-clang
These binaries (installable software) and packages are in development.
They may not be fully stable and should be used with caution. We make no claims about them.