Last updated on 2025-11-11 15:50:29 CET.
| Flavor | Version | Tinstall | Tcheck | Ttotal | Status | Flags |
|---|---|---|---|---|---|---|
| r-devel-linux-x86_64-debian-clang | 1.0.0 | 8.33 | 64.95 | 73.28 | NOTE | |
| r-devel-linux-x86_64-debian-gcc | 1.0.0 | 6.02 | 47.47 | 53.49 | NOTE | |
| r-devel-linux-x86_64-fedora-clang | 1.0.0 | 17.00 | 91.94 | 108.94 | OK | |
| r-devel-linux-x86_64-fedora-gcc | 1.0.0 | 17.00 | 105.50 | 122.50 | OK | |
| r-devel-windows-x86_64 | 1.0.0 | 8.00 | 70.00 | 78.00 | OK | |
| r-patched-linux-x86_64 | 1.0.0 | 7.64 | 57.70 | 65.34 | OK | |
| r-release-linux-x86_64 | 1.0.0 | 7.58 | 57.46 | 65.04 | OK | |
| r-release-macos-arm64 | 1.0.0 | 4.00 | 35.00 | 39.00 | OK | |
| r-release-macos-x86_64 | 1.0.0 | 6.00 | 70.00 | 76.00 | OK | |
| r-release-windows-x86_64 | 1.0.0 | 11.00 | 69.00 | 80.00 | OK | |
| r-oldrel-macos-arm64 | 1.0.0 | 4.00 | 39.00 | 43.00 | OK | |
| r-oldrel-macos-x86_64 | 1.0.0 | 6.00 | 54.00 | 60.00 | OK | |
| r-oldrel-windows-x86_64 | 1.0.0 | 14.00 | 85.00 | 99.00 | OK |
Version: 1.0.0
Check: CRAN incoming feasibility
Result: NOTE
Maintainer: ‘Erick Verleye <erve3705@colorado.edu>’
Package CITATION file contains call(s) to old-style personList() or
as.personList(). Please use c() on person objects instead.
Package CITATION file contains call(s) to old-style citEntry(). Please
use bibentry() instead.
Flavors: r-devel-linux-x86_64-debian-clang, r-devel-linux-x86_64-debian-gcc
These binaries (installable software) and packages are in development.
They may not be fully stable and should be used with caution. We make no claims about them.