CRAN Package Check Results for Package cg

Last updated on 2025-02-16 10:50:43 CET.

Flavor Version Tinstall Tcheck Ttotal Status Flags
r-devel-linux-x86_64-debian-clang 1.0-3 33.46 187.54 221.00 NOTE
r-devel-linux-x86_64-debian-gcc 1.0-3 24.38 132.15 156.53 NOTE
r-devel-linux-x86_64-fedora-clang 1.0-3 386.21 NOTE
r-devel-linux-x86_64-fedora-gcc 1.0-3 362.91 NOTE
r-devel-macos-arm64 1.0-3 81.00 NOTE
r-devel-macos-x86_64 1.0-3 188.00 NOTE
r-devel-windows-x86_64 1.0-3 33.00 217.00 250.00 NOTE
r-patched-linux-x86_64 1.0-3 44.61 175.35 219.96 NOTE
r-release-linux-x86_64 1.0-3 28.94 175.70 204.64 NOTE
r-release-macos-arm64 1.0-3 86.00 NOTE
r-release-macos-x86_64 1.0-3 152.00 NOTE
r-release-windows-x86_64 1.0-3 34.00 217.00 251.00 NOTE
r-oldrel-macos-arm64 1.0-3 95.00 OK
r-oldrel-macos-x86_64 1.0-3 156.00 OK
r-oldrel-windows-x86_64 1.0-3 48.00 270.00 318.00 OK

Check Details

Version: 1.0-3
Check: Rd files
Result: NOTE checkRd: (-1) comparisonsTable.cgOneFactorFit.Rd:47: Lost braces 47 | call (see {\dots } section below.) | ^ Flavors: r-devel-linux-x86_64-debian-clang, r-devel-linux-x86_64-debian-gcc, r-devel-linux-x86_64-fedora-clang, r-devel-linux-x86_64-fedora-gcc, r-devel-macos-arm64, r-devel-macos-x86_64, r-devel-windows-x86_64, r-patched-linux-x86_64, r-release-linux-x86_64, r-release-macos-arm64, r-release-macos-x86_64, r-release-windows-x86_64

Version: 1.0-3
Check: Rd cross-references
Result: NOTE Found the following Rd file(s) with Rd \link{} targets missing package anchors: anorexiaFT.Rd: anorexia boxplot.cgOneFactorData.Rd: survfit comparisonsGraph.cgOneFactorComparisonsTable.Rd: panel.text comparisonsTable.cgOneFactorFit.Rd: rlm comparisonsTable.cgPairedDifferenceFit.Rd: rlm comparisonsgraph.Rd: panel.text descriptiveTable.cgOneFactorData.Rd: survfit downweightedTable.Rd: rlm downweightedTable.cgOneFactorFit.Rd: rlm downweightedTable.cgPairedDifferenceFit.Rd: rlm fit.cgOneFactorData.Rd: rlm, survreg, gls fit.cgPairedDifferenceData.Rd: rlm kmGraph.Rd: label kmGraph.cgOneFactorData.Rd: label prepareCGOneFactorData.Rd: Surv, survreg, logtrans print.cgOneFactorComparisonsTable.Rd: rlm print.cgOneFactorFit.Rd: rlm print.cgOneFactorGlobalTest.Rd: rlm print.cgOneFactorGrpSummaryTable.Rd: rlm print.cgOneFactorSampleSizeTable.Rd: rlm print.cgPairedDifferenceComparisonsTable.Rd: rlm print.cgPairedDifferenceFit.Rd: rlm summary.cgOneFactorFit.Rd: rlm summary.cgPairedDifferenceFit.Rd: rlm varianceGraph.cgOneFactorFit.Rd: vgam Please provide package anchors for all Rd \link{} targets not in the package itself and the base packages. Flavors: r-devel-linux-x86_64-debian-clang, r-devel-linux-x86_64-debian-gcc, r-devel-windows-x86_64

Version: 1.0-3
Check: dependencies in R code
Result: NOTE Namespace in Imports field not imported from: ‘grDevices’ All declared Imports should be used. Flavors: r-devel-linux-x86_64-fedora-clang, r-devel-linux-x86_64-fedora-gcc

These binaries (installable software) and packages are in development.
They may not be fully stable and should be used with caution. We make no claims about them.