Last updated on 2025-05-01 12:49:24 CEST.
Flavor | Version | Tinstall | Tcheck | Ttotal | Status | Flags |
---|---|---|---|---|---|---|
r-devel-linux-x86_64-debian-clang | 1.25 | 37.89 | 201.07 | 238.96 | NOTE | |
r-devel-linux-x86_64-debian-gcc | 1.26 | 23.37 | 125.93 | 149.30 | OK | |
r-devel-linux-x86_64-fedora-clang | 1.26 | 412.51 | OK | |||
r-devel-linux-x86_64-fedora-gcc | 1.26 | 386.56 | OK | |||
r-devel-windows-x86_64 | 1.26 | 36.00 | 192.00 | 228.00 | OK | |
r-patched-linux-x86_64 | 1.26 | 34.30 | 187.19 | 221.49 | OK | |
r-release-linux-x86_64 | OK | |||||
r-release-macos-arm64 | 1.26 | 90.00 | OK | |||
r-release-macos-x86_64 | 1.26 | 205.00 | OK | |||
r-release-windows-x86_64 | 1.26 | 40.00 | 177.00 | 217.00 | OK | |
r-oldrel-macos-arm64 | 1.26 | 92.00 | OK | |||
r-oldrel-macos-x86_64 | 1.26 | 211.00 | OK | |||
r-oldrel-windows-x86_64 | 1.25 | 48.00 | 242.00 | 290.00 | OK |
Version: 1.25
Check: examples
Result: NOTE
Examples with CPU (user + system) or elapsed time > 5s
user system elapsed
mental 4.391 0.204 5.535
s.conv.conv 3.619 0.002 5.242
s.conc.conc 3.509 0.015 5.061
Flavor: r-devel-linux-x86_64-debian-clang
These binaries (installable software) and packages are in development.
They may not be fully stable and should be used with caution. We make no claims about them.