CRAN Package Check Results for Package cgmquantify

Last updated on 2025-02-16 10:50:43 CET.

Flavor Version Tinstall Tcheck Ttotal Status Flags
r-devel-linux-x86_64-debian-clang 0.1.0 2.27 29.82 32.09 OK
r-devel-linux-x86_64-debian-gcc 0.1.0 1.67 23.06 24.73 OK
r-devel-linux-x86_64-fedora-clang 0.1.0 55.98 NOTE
r-devel-linux-x86_64-fedora-gcc 0.1.0 63.72 NOTE
r-devel-macos-arm64 0.1.0 27.00 OK
r-devel-macos-x86_64 0.1.0 49.00 OK
r-devel-windows-x86_64 0.1.0 4.00 59.00 63.00 OK
r-patched-linux-x86_64 0.1.0 2.60 28.23 30.83 NOTE
r-release-linux-x86_64 0.1.0 2.23 28.05 30.28 NOTE
r-release-macos-arm64 0.1.0 25.00 NOTE
r-release-macos-x86_64 0.1.0 38.00 NOTE
r-release-windows-x86_64 0.1.0 4.00 55.00 59.00 NOTE
r-oldrel-macos-arm64 0.1.0 29.00 NOTE
r-oldrel-macos-x86_64 0.1.0 43.00 NOTE
r-oldrel-windows-x86_64 0.1.0 5.00 59.00 64.00 NOTE

Check Details

Version: 0.1.0
Check: dependencies in R code
Result: NOTE Namespace in Imports field not imported from: ‘tidyverse’ All declared Imports should be used. Flavors: r-devel-linux-x86_64-fedora-clang, r-devel-linux-x86_64-fedora-gcc

Version: 0.1.0
Check: LazyData
Result: NOTE 'LazyData' is specified without a 'data' directory Flavors: r-patched-linux-x86_64, r-release-linux-x86_64, r-release-macos-arm64, r-release-macos-x86_64, r-release-windows-x86_64, r-oldrel-macos-arm64, r-oldrel-macos-x86_64, r-oldrel-windows-x86_64

These binaries (installable software) and packages are in development.
They may not be fully stable and should be used with caution. We make no claims about them.