CRAN Package Check Results for Package cgmquantify

Last updated on 2025-11-08 21:48:42 CET.

Flavor Version Tinstall Tcheck Ttotal Status Flags
r-devel-linux-x86_64-debian-clang 0.1.0 2.16 34.07 36.23 OK
r-devel-linux-x86_64-debian-gcc 0.1.0 1.70 26.58 28.28 OK
r-devel-linux-x86_64-fedora-clang 0.1.0 55.48 NOTE
r-devel-linux-x86_64-fedora-gcc 0.1.0 73.19 NOTE
r-devel-windows-x86_64 0.1.0 5.00 57.00 62.00 OK
r-patched-linux-x86_64 0.1.0 2.39 31.64 34.03 OK
r-release-linux-x86_64 0.1.0 2.17 31.97 34.14 OK
r-release-macos-arm64 0.1.0 1.00 26.00 27.00 OK
r-release-macos-x86_64 0.1.0 2.00 47.00 49.00 OK
r-release-windows-x86_64 0.1.0 5.00 54.00 59.00 OK
r-oldrel-macos-arm64 0.1.0 1.00 24.00 25.00 NOTE
r-oldrel-macos-x86_64 0.1.0 2.00 36.00 38.00 NOTE
r-oldrel-windows-x86_64 0.1.0 5.00 64.00 69.00 NOTE

Check Details

Version: 0.1.0
Check: dependencies in R code
Result: NOTE Namespace in Imports field not imported from: ‘tidyverse’ All declared Imports should be used. Flavors: r-devel-linux-x86_64-fedora-clang, r-devel-linux-x86_64-fedora-gcc

Version: 0.1.0
Check: LazyData
Result: NOTE 'LazyData' is specified without a 'data' directory Flavors: r-oldrel-macos-arm64, r-oldrel-macos-x86_64, r-oldrel-windows-x86_64

These binaries (installable software) and packages are in development.
They may not be fully stable and should be used with caution. We make no claims about them.