Last updated on 2025-05-03 22:49:49 CEST.
Flavor | Version | Tinstall | Tcheck | Ttotal | Status | Flags |
---|---|---|---|---|---|---|
r-devel-linux-x86_64-debian-clang | 4.1 | 2.80 | 26.09 | 28.89 | NOTE | |
r-devel-linux-x86_64-debian-gcc | 4.1 | 2.13 | 20.00 | 22.13 | NOTE | |
r-devel-linux-x86_64-fedora-clang | 4.1 | 46.53 | OK | |||
r-devel-linux-x86_64-fedora-gcc | 4.1 | 44.96 | OK | |||
r-devel-windows-x86_64 | 4.1 | 4.00 | 65.00 | 69.00 | OK | |
r-patched-linux-x86_64 | 4.1 | 3.36 | 24.90 | 28.26 | OK | |
r-release-linux-x86_64 | OK | |||||
r-release-macos-arm64 | 4.1 | 18.00 | OK | |||
r-release-macos-x86_64 | 4.1 | 39.00 | OK | |||
r-release-windows-x86_64 | 4.1 | 4.00 | 52.00 | 56.00 | OK | |
r-oldrel-macos-arm64 | 4.1 | 25.00 | OK | |||
r-oldrel-macos-x86_64 | 4.1 | 32.00 | OK | |||
r-oldrel-windows-x86_64 | 4.1 | 5.00 | 57.00 | 62.00 | OK |
Version: 4.1
Check: CRAN incoming feasibility
Result: NOTE
Maintainer: ‘Carl Witthoft <cellocgw@gmail.com>’
No Authors@R field in DESCRIPTION.
Please add one, modifying
Authors@R: person(given = "Carl",
family = "Witthoft",
role = c("aut", "cre"),
email = "cellocgw@gmail.com")
as necessary.
Flavors: r-devel-linux-x86_64-debian-clang, r-devel-linux-x86_64-debian-gcc
These binaries (installable software) and packages are in development.
They may not be fully stable and should be used with caution. We make no claims about them.