Last updated on 2025-02-16 10:50:43 CET.
Flavor | Version | Tinstall | Tcheck | Ttotal | Status | Flags |
---|---|---|---|---|---|---|
r-devel-linux-x86_64-debian-clang | 0.1.1 | 2.16 | 21.95 | 24.11 | NOTE | |
r-devel-linux-x86_64-debian-gcc | 0.1.1 | 1.56 | 18.54 | 20.10 | NOTE | |
r-devel-linux-x86_64-fedora-clang | 0.1.1 | 40.74 | OK | |||
r-devel-linux-x86_64-fedora-gcc | 0.1.1 | 36.60 | OK | |||
r-devel-macos-arm64 | 0.1.1 | 17.00 | OK | |||
r-devel-macos-x86_64 | 0.1.1 | 37.00 | OK | |||
r-devel-windows-x86_64 | 0.1.1 | 3.00 | 51.00 | 54.00 | NOTE | |
r-patched-linux-x86_64 | 0.1.1 | 2.13 | 21.19 | 23.32 | OK | |
r-release-linux-x86_64 | 0.1.1 | 1.74 | 21.32 | 23.06 | OK | |
r-release-macos-arm64 | 0.1.1 | 27.00 | OK | |||
r-release-macos-x86_64 | 0.1.1 | 26.00 | OK | |||
r-release-windows-x86_64 | 0.1.1 | 4.00 | 54.00 | 58.00 | OK | |
r-oldrel-macos-arm64 | 0.1.1 | 22.00 | OK | |||
r-oldrel-macos-x86_64 | 0.1.1 | 38.00 | OK | |||
r-oldrel-windows-x86_64 | 0.1.1 | 3.00 | 70.00 | 73.00 | OK |
Version: 0.1.1
Check: Rd cross-references
Result: NOTE
Found the following Rd file(s) with Rd \link{} targets missing package
anchors:
changepointsVar-package.Rd: lars
jumpointsVar.Rd: lars
Please provide package anchors for all Rd \link{} targets not in the
package itself and the base packages.
Flavors: r-devel-linux-x86_64-debian-clang, r-devel-linux-x86_64-debian-gcc, r-devel-windows-x86_64
These binaries (installable software) and packages are in development.
They may not be fully stable and should be used with caution. We make no claims about them.