Last updated on 2025-02-16 10:50:43 CET.
Flavor | Version | Tinstall | Tcheck | Ttotal | Status | Flags |
---|---|---|---|---|---|---|
r-devel-linux-x86_64-debian-clang | 1.0.0 | 2.86 | 105.41 | 108.27 | OK | |
r-devel-linux-x86_64-debian-gcc | 1.0.0 | 1.85 | 70.18 | 72.03 | OK | |
r-devel-linux-x86_64-fedora-clang | 1.0.0 | 195.97 | NOTE | |||
r-devel-linux-x86_64-fedora-gcc | 1.0.0 | 180.41 | NOTE | |||
r-devel-macos-arm64 | 1.0.0 | 57.00 | OK | |||
r-devel-macos-x86_64 | 1.0.0 | 115.00 | OK | |||
r-devel-windows-x86_64 | 1.0.0 | 5.00 | 117.00 | 122.00 | OK | |
r-patched-linux-x86_64 | 1.0.0 | 2.79 | 100.00 | 102.79 | OK | |
r-release-linux-x86_64 | 1.0.0 | 2.33 | 100.58 | 102.91 | OK | |
r-release-macos-arm64 | 1.0.0 | 53.00 | OK | |||
r-release-macos-x86_64 | 1.0.0 | 85.00 | OK | |||
r-release-windows-x86_64 | 1.0.0 | 5.00 | 119.00 | 124.00 | OK | |
r-oldrel-macos-arm64 | 1.0.0 | 57.00 | OK | |||
r-oldrel-macos-x86_64 | 1.0.0 | 99.00 | OK | |||
r-oldrel-windows-x86_64 | 1.0.0 | 5.00 | 170.00 | 175.00 | OK |
Version: 1.0.0
Check: dependencies in R code
Result: NOTE
Namespaces in Imports field not imported from:
‘AER’ ‘graphics’ ‘lmtest’
All declared Imports should be used.
Flavors: r-devel-linux-x86_64-fedora-clang, r-devel-linux-x86_64-fedora-gcc
These binaries (installable software) and packages are in development.
They may not be fully stable and should be used with caution. We make no claims about them.