CRAN Package Check Results for Package chantrics

Last updated on 2025-10-23 11:50:09 CEST.

Flavor Version Tinstall Tcheck Ttotal Status Flags
r-devel-linux-x86_64-debian-clang 1.0.0 2.75 114.53 117.28 OK
r-devel-linux-x86_64-debian-gcc 1.0.0 1.94 74.83 76.77 OK
r-devel-linux-x86_64-fedora-clang 1.0.0 20.00 178.16 198.16 NOTE
r-devel-linux-x86_64-fedora-gcc 1.0.0 208.48 NOTE
r-devel-windows-x86_64 1.0.0 5.00 119.00 124.00 OK
r-patched-linux-x86_64 1.0.0 2.51 106.31 108.82 OK
r-release-linux-x86_64 1.0.0 2.60 107.36 109.96 OK
r-release-macos-arm64 1.0.0 2.00 55.00 57.00 OK
r-release-macos-x86_64 1.0.0 3.00 112.00 115.00 OK
r-release-windows-x86_64 1.0.0 4.00 122.00 126.00 OK
r-oldrel-macos-arm64 1.0.0 1.00 52.00 53.00 OK
r-oldrel-macos-x86_64 1.0.0 2.00 83.00 85.00 OK
r-oldrel-windows-x86_64 1.0.0 6.00 154.00 160.00 OK

Check Details

Version: 1.0.0
Check: dependencies in R code
Result: NOTE Namespaces in Imports field not imported from: ‘AER’ ‘graphics’ ‘lmtest’ All declared Imports should be used. Flavors: r-devel-linux-x86_64-fedora-clang, r-devel-linux-x86_64-fedora-gcc

These binaries (installable software) and packages are in development.
They may not be fully stable and should be used with caution. We make no claims about them.