Last updated on 2025-05-08 04:52:00 CEST.
Flavor | Version | Tinstall | Tcheck | Ttotal | Status | Flags |
---|---|---|---|---|---|---|
r-devel-linux-x86_64-debian-clang | 0.6.1 | 100.31 | 134.50 | 234.81 | OK | |
r-devel-linux-x86_64-debian-gcc | 0.6.1 | 56.74 | 93.40 | 150.14 | OK | |
r-devel-linux-x86_64-fedora-clang | 0.6.1 | 412.33 | OK | |||
r-devel-linux-x86_64-fedora-gcc | 0.6.1 | 377.69 | OK | |||
r-devel-windows-x86_64 | 0.6.1 | 92.00 | 207.00 | 299.00 | OK | |
r-patched-linux-x86_64 | 0.6.1 | 100.57 | 126.62 | 227.19 | OK | |
r-release-linux-x86_64 | 0.6.1 | 101.01 | 126.54 | 227.55 | OK | |
r-release-macos-arm64 | 0.6.1 | 103.00 | OK | |||
r-release-macos-x86_64 | 0.6.1 | 228.00 | OK | |||
r-release-windows-x86_64 | 0.6.1 | 91.00 | 210.00 | 301.00 | OK | |
r-oldrel-macos-arm64 | 0.6.1 | 104.00 | NOTE | |||
r-oldrel-macos-x86_64 | 0.6.1 | 188.00 | NOTE | |||
r-oldrel-windows-x86_64 | 0.6.1 | 131.00 | 237.00 | 368.00 | NOTE |
Version: 0.6.1
Check: installed package size
Result: NOTE
installed size is 9.2Mb
sub-directories of 1Mb or more:
R 5.1Mb
doc 3.2Mb
Flavors: r-oldrel-macos-arm64, r-oldrel-macos-x86_64, r-oldrel-windows-x86_64
These binaries (installable software) and packages are in development.
They may not be fully stable and should be used with caution. We make no claims about them.