Last updated on 2025-10-27 13:49:57 CET.
| Flavor | Version | Tinstall | Tcheck | Ttotal | Status | Flags |
|---|---|---|---|---|---|---|
| r-devel-linux-x86_64-debian-clang | 0.6.1 | 89.95 | 142.21 | 232.16 | OK | |
| r-devel-linux-x86_64-debian-gcc | 0.6.1 | 61.79 | 96.69 | 158.48 | OK | |
| r-devel-linux-x86_64-fedora-clang | 0.6.1 | 213.00 | 159.72 | 372.72 | OK | |
| r-devel-linux-x86_64-fedora-gcc | 0.6.1 | 195.00 | 173.81 | 368.81 | OK | |
| r-devel-windows-x86_64 | 0.6.1 | 89.00 | 206.00 | 295.00 | OK | |
| r-patched-linux-x86_64 | 0.6.1 | 99.76 | 134.19 | 233.95 | OK | |
| r-release-linux-x86_64 | 0.6.1 | 97.46 | 134.21 | 231.67 | OK | |
| r-release-macos-arm64 | 0.6.1 | 35.00 | 68.00 | 103.00 | OK | |
| r-release-macos-x86_64 | 0.6.1 | 92.00 | 136.00 | 228.00 | OK | |
| r-release-windows-x86_64 | 0.6.1 | 96.00 | 205.00 | 301.00 | OK | |
| r-oldrel-macos-arm64 | 0.6.1 | 39.00 | 65.00 | 104.00 | NOTE | |
| r-oldrel-macos-x86_64 | 0.6.1 | 75.00 | 113.00 | 188.00 | NOTE | |
| r-oldrel-windows-x86_64 | 0.6.1 | 130.00 | 250.00 | 380.00 | NOTE |
Version: 0.6.1
Check: installed package size
Result: NOTE
installed size is 9.2Mb
sub-directories of 1Mb or more:
R 5.1Mb
doc 3.2Mb
Flavors: r-oldrel-macos-arm64, r-oldrel-macos-x86_64, r-oldrel-windows-x86_64
These binaries (installable software) and packages are in development.
They may not be fully stable and should be used with caution. We make no claims about them.