Last updated on 2025-02-16 10:50:43 CET.
Flavor | Version | Tinstall | Tcheck | Ttotal | Status | Flags |
---|---|---|---|---|---|---|
r-devel-linux-x86_64-debian-clang | 0.6.1 | 101.39 | 133.14 | 234.53 | OK | |
r-devel-linux-x86_64-debian-gcc | 0.6.1 | 59.80 | 92.04 | 151.84 | OK | |
r-devel-linux-x86_64-fedora-clang | 0.6.1 | 408.48 | OK | |||
r-devel-linux-x86_64-fedora-gcc | 0.6.1 | 362.67 | OK | |||
r-devel-macos-arm64 | 0.6.1 | 96.00 | OK | |||
r-devel-macos-x86_64 | 0.6.1 | 213.00 | OK | |||
r-devel-windows-x86_64 | 0.6.1 | 97.00 | 200.00 | 297.00 | OK | |
r-patched-linux-x86_64 | 0.6.1 | 100.85 | 122.71 | 223.56 | OK | |
r-release-linux-x86_64 | 0.6.1 | 87.72 | 122.31 | 210.03 | OK | |
r-release-macos-arm64 | 0.6.1 | 104.00 | NOTE | |||
r-release-macos-x86_64 | 0.6.1 | 188.00 | NOTE | |||
r-release-windows-x86_64 | 0.6.1 | 88.00 | 195.00 | 283.00 | NOTE | |
r-oldrel-macos-arm64 | 0.6.1 | 102.00 | NOTE | |||
r-oldrel-macos-x86_64 | 0.6.1 | 164.00 | NOTE | |||
r-oldrel-windows-x86_64 | 0.6.1 | 123.00 | 220.00 | 343.00 | NOTE |
Version: 0.6.1
Check: installed package size
Result: NOTE
installed size is 9.2Mb
sub-directories of 1Mb or more:
R 5.1Mb
doc 3.2Mb
Flavors: r-release-macos-arm64, r-release-macos-x86_64, r-release-windows-x86_64, r-oldrel-macos-arm64, r-oldrel-macos-x86_64, r-oldrel-windows-x86_64
These binaries (installable software) and packages are in development.
They may not be fully stable and should be used with caution. We make no claims about them.