Last updated on 2025-07-24 01:50:16 CEST.
Flavor | Version | Tinstall | Tcheck | Ttotal | Status | Flags |
---|---|---|---|---|---|---|
r-devel-linux-x86_64-debian-clang | 0.6.1 | 96.98 | 136.73 | 233.71 | OK | |
r-devel-linux-x86_64-debian-gcc | 0.6.1 | 55.88 | 95.51 | 151.39 | OK | |
r-devel-linux-x86_64-fedora-clang | 0.6.1 | 373.67 | OK | |||
r-devel-linux-x86_64-fedora-gcc | 0.6.1 | 371.77 | OK | |||
r-devel-windows-x86_64 | 0.6.1 | 93.00 | 198.00 | 291.00 | OK | |
r-patched-linux-x86_64 | 0.6.1 | 103.23 | 127.07 | 230.30 | OK | |
r-release-linux-x86_64 | 0.6.1 | 88.31 | 128.08 | 216.39 | OK | |
r-release-macos-arm64 | 0.6.1 | 103.00 | OK | |||
r-release-macos-x86_64 | 0.6.1 | 228.00 | OK | |||
r-release-windows-x86_64 | 0.6.1 | 97.00 | 201.00 | 298.00 | OK | |
r-oldrel-macos-arm64 | 0.6.1 | 104.00 | NOTE | |||
r-oldrel-macos-x86_64 | 0.6.1 | 188.00 | NOTE | |||
r-oldrel-windows-x86_64 | 0.6.1 | 135.00 | 246.00 | 381.00 | NOTE |
Version: 0.6.1
Check: installed package size
Result: NOTE
installed size is 9.2Mb
sub-directories of 1Mb or more:
R 5.1Mb
doc 3.2Mb
Flavors: r-oldrel-macos-arm64, r-oldrel-macos-x86_64, r-oldrel-windows-x86_64
These binaries (installable software) and packages are in development.
They may not be fully stable and should be used with caution. We make no claims about them.