CRAN Package Check Results for Package chatgpt

Last updated on 2025-05-01 15:49:27 CEST.

Flavor Version Tinstall Tcheck Ttotal Status Flags
r-devel-linux-x86_64-debian-clang 0.2.3 3.53 30.87 34.40 NOTE
r-devel-linux-x86_64-debian-gcc 0.2.3 2.86 24.26 27.12 NOTE
r-devel-linux-x86_64-fedora-clang 0.2.3 57.53 NOTE
r-devel-linux-x86_64-fedora-gcc 0.2.3 50.89 NOTE
r-devel-windows-x86_64 0.2.3 5.00 55.00 60.00 NOTE
r-patched-linux-x86_64 0.2.3 3.16 29.71 32.87 NOTE
r-release-linux-x86_64 NOTE
r-release-macos-arm64 0.2.3 21.00 NOTE
r-release-macos-x86_64 0.2.3 34.00 NOTE
r-release-windows-x86_64 0.2.3 6.00 60.00 66.00 NOTE
r-oldrel-macos-arm64 0.2.3 20.00 NOTE
r-oldrel-macos-x86_64 0.2.3 29.00 NOTE
r-oldrel-windows-x86_64 0.2.3 7.00 57.00 64.00 NOTE

Check Details

Version: 0.2.3
Check: Rd files
Result: NOTE checkRd: (-1) create_unit_tests.Rd:17: Lost braces; missing escapes or markup? 17 | Create `{testthat}` test cases for the code. | ^ Flavors: r-devel-linux-x86_64-debian-clang, r-devel-linux-x86_64-debian-gcc, r-devel-linux-x86_64-fedora-clang, r-devel-linux-x86_64-fedora-gcc, r-devel-windows-x86_64, r-patched-linux-x86_64, r-release-linux-x86_64, r-release-macos-arm64, r-release-macos-x86_64, r-release-windows-x86_64, r-oldrel-macos-arm64, r-oldrel-macos-x86_64, r-oldrel-windows-x86_64

These binaries (installable software) and packages are in development.
They may not be fully stable and should be used with caution. We make no claims about them.