Last updated on 2024-07-27 15:50:13 CEST.
Flavor | Version | Tinstall | Tcheck | Ttotal | Status | Flags |
---|---|---|---|---|---|---|
r-devel-linux-x86_64-debian-clang | 0.9.2 | 32.49 | 82.78 | 115.27 | NOTE | |
r-devel-linux-x86_64-debian-gcc | 0.9.2 | NOTE | ||||
r-devel-linux-x86_64-fedora-clang | 0.9.2 | 169.63 | NOTE | |||
r-devel-linux-x86_64-fedora-gcc | 0.9.2 | 143.20 | NOTE | |||
r-devel-windows-x86_64 | 0.9.2 | 30.00 | 88.00 | 118.00 | NOTE | |
r-patched-linux-x86_64 | 0.9.2 | OK | ||||
r-release-linux-x86_64 | 0.9.2 | 28.18 | 77.25 | 105.43 | OK | |
r-release-macos-arm64 | 0.9.2 | 55.00 | OK | |||
r-release-macos-x86_64 | 0.9.2 | 61.00 | OK | |||
r-release-windows-x86_64 | 0.9.2 | 31.00 | 91.00 | 122.00 | OK | |
r-oldrel-macos-arm64 | 0.9.2 | 55.00 | OK | |||
r-oldrel-macos-x86_64 | 0.9.2 | 107.00 | OK | |||
r-oldrel-windows-x86_64 | 0.9.2 | 36.00 | 104.00 | 140.00 | OK |
Version: 0.9.2
Check: compiled code
Result: NOTE
File ‘cheapr/libs/cheapr.so’:
Found non-API calls to R: ‘SET_TYPEOF’, ‘STRING_PTR’
Compiled code should not call non-API entry points in R.
See ‘Writing portable packages’ in the ‘Writing R Extensions’ manual,
and section ‘Moving into C API compliance’ for issues with the use of
non-API entry points.
Flavors: r-devel-linux-x86_64-debian-clang, r-devel-linux-x86_64-debian-gcc, r-devel-linux-x86_64-fedora-clang, r-devel-linux-x86_64-fedora-gcc
Version: 0.9.2
Check: compiled code
Result: NOTE
File 'cheapr/libs/x64/cheapr.dll':
Found non-API calls to R: 'SET_TYPEOF', 'STRING_PTR'
Compiled code should not call non-API entry points in R.
See 'Writing portable packages' in the 'Writing R Extensions' manual,
and section 'Moving into C API compliance' for issues with the use of
non-API entry points.
Flavor: r-devel-windows-x86_64
These binaries (installable software) and packages are in development.
They may not be fully stable and should be used with caution. We make no claims about them.