Last updated on 2025-02-19 16:50:43 CET.
Flavor | Version | Tinstall | Tcheck | Ttotal | Status | Flags |
---|---|---|---|---|---|---|
r-devel-linux-x86_64-debian-clang | 1.1.0 | 3.60 | 33.75 | 37.35 | OK | |
r-devel-linux-x86_64-debian-gcc | 1.1.0 | 2.41 | 25.04 | 27.45 | OK | |
r-devel-linux-x86_64-fedora-clang | 1.1.0 | 58.49 | OK | |||
r-devel-linux-x86_64-fedora-gcc | 1.1.0 | 54.45 | OK | |||
r-devel-macos-arm64 | 1.1.0 | 21.00 | OK | |||
r-devel-macos-x86_64 | 1.1.0 | 36.00 | OK | |||
r-devel-windows-x86_64 | 1.1.0 | 5.00 | 53.00 | 58.00 | OK | |
r-patched-linux-x86_64 | 1.1.0 | 2.95 | 31.14 | 34.09 | OK | |
r-release-linux-x86_64 | 1.1.0 | 3.63 | 31.15 | 34.78 | OK | |
r-release-macos-arm64 | 1.1.0 | 21.00 | OK | |||
r-release-macos-x86_64 | 1.1.0 | 31.00 | OK | |||
r-release-windows-x86_64 | 1.1.0 | 6.00 | 3.00 | 9.00 | FAIL | |
r-oldrel-macos-arm64 | 1.1.0 | 22.00 | OK | |||
r-oldrel-macos-x86_64 | 1.1.0 | 33.00 | OK | |||
r-oldrel-windows-x86_64 | 1.1.0 | 6.00 | 57.00 | 63.00 | OK |
Version: 1.1.0
Check: package dependencies
Result: FAIL
Flavor: r-release-windows-x86_64
These binaries (installable software) and packages are in development.
They may not be fully stable and should be used with caution. We make no claims about them.