Last updated on 2025-11-11 15:50:29 CET.
| Flavor | Version | Tinstall | Tcheck | Ttotal | Status | Flags |
|---|---|---|---|---|---|---|
| r-devel-linux-x86_64-debian-clang | 0.1.0 | 7.74 | 102.04 | 109.78 | OK | |
| r-devel-linux-x86_64-debian-gcc | 0.1.0 | 5.64 | 70.47 | 76.11 | OK | |
| r-devel-linux-x86_64-fedora-clang | 0.1.0 | 17.00 | 135.04 | 152.04 | OK | |
| r-devel-linux-x86_64-fedora-gcc | 0.1.0 | 16.00 | 127.08 | 143.08 | OK | |
| r-devel-windows-x86_64 | 0.1.0 | 13.00 | 191.00 | 204.00 | OK | |
| r-patched-linux-x86_64 | 0.1.0 | 16.19 | 94.71 | 110.90 | OK | |
| r-release-linux-x86_64 | 0.1.0 | 7.24 | 93.21 | 100.45 | OK | |
| r-release-macos-arm64 | 0.1.0 | 4.00 | 45.00 | 49.00 | OK | |
| r-release-macos-x86_64 | 0.1.0 | 7.00 | 102.00 | 109.00 | OK | |
| r-release-windows-x86_64 | 0.1.0 | 14.00 | 188.00 | 202.00 | OK | |
| r-oldrel-macos-arm64 | 0.1.0 | 3.00 | 42.00 | 45.00 | NOTE | |
| r-oldrel-macos-x86_64 | 0.1.0 | 6.00 | 63.00 | 69.00 | NOTE | |
| r-oldrel-windows-x86_64 | 0.1.0 | 12.00 | 178.00 | 190.00 | NOTE |
Version: 0.1.0
Check: LazyData
Result: NOTE
'LazyData' is specified without a 'data' directory
Flavors: r-oldrel-macos-arm64, r-oldrel-macos-x86_64, r-oldrel-windows-x86_64
These binaries (installable software) and packages are in development.
They may not be fully stable and should be used with caution. We make no claims about them.