Last updated on 2025-10-09 17:50:33 CEST.
Flavor | Version | Tinstall | Tcheck | Ttotal | Status | Flags |
---|---|---|---|---|---|---|
r-devel-linux-x86_64-debian-clang | 0.1.0 | 7.96 | 101.22 | 109.18 | OK | |
r-devel-linux-x86_64-debian-gcc | 0.1.0 | 5.65 | 68.64 | 74.29 | OK | |
r-devel-linux-x86_64-fedora-clang | 0.1.0 | 100.29 | OK | |||
r-devel-linux-x86_64-fedora-gcc | 0.1.0 | 142.50 | OK | |||
r-devel-windows-x86_64 | 0.1.0 | 12.00 | 193.00 | 205.00 | OK | |
r-patched-linux-x86_64 | 0.1.0 | 13.74 | 92.97 | 106.71 | OK | |
r-release-linux-x86_64 | 0.1.0 | 7.26 | 94.47 | 101.73 | OK | |
r-release-macos-arm64 | 0.1.0 | 49.00 | OK | |||
r-release-macos-x86_64 | 0.1.0 | 109.00 | OK | |||
r-release-windows-x86_64 | 0.1.0 | 13.00 | 211.00 | 224.00 | OK | |
r-oldrel-macos-arm64 | 0.1.0 | 45.00 | NOTE | |||
r-oldrel-macos-x86_64 | 0.1.0 | 69.00 | NOTE | |||
r-oldrel-windows-x86_64 | 0.1.0 | 12.00 | 178.00 | 190.00 | NOTE |
Version: 0.1.0
Check: LazyData
Result: NOTE
'LazyData' is specified without a 'data' directory
Flavors: r-oldrel-macos-arm64, r-oldrel-macos-x86_64, r-oldrel-windows-x86_64
These binaries (installable software) and packages are in development.
They may not be fully stable and should be used with caution. We make no claims about them.