Last updated on 2025-05-02 16:55:33 CEST.
Flavor | Version | Tinstall | Tcheck | Ttotal | Status | Flags |
---|---|---|---|---|---|---|
r-devel-linux-x86_64-debian-clang | 0.0.12 | 2.62 | 30.00 | 32.62 | NOTE | |
r-devel-linux-x86_64-debian-gcc | 0.0.12 | 1.69 | 23.78 | 25.47 | NOTE | |
r-devel-linux-x86_64-fedora-clang | 0.0.12 | 52.77 | NOTE | |||
r-devel-linux-x86_64-fedora-gcc | 0.0.12 | 63.75 | NOTE | |||
r-devel-windows-x86_64 | 0.0.12 | 4.00 | 52.00 | 56.00 | NOTE | |
r-patched-linux-x86_64 | 0.0.12 | 2.85 | 28.98 | 31.83 | NOTE | |
r-release-linux-x86_64 | NOTE | |||||
r-release-macos-arm64 | 0.0.12 | 32.00 | NOTE | |||
r-release-macos-x86_64 | 0.0.12 | 49.00 | NOTE | |||
r-release-windows-x86_64 | 0.0.12 | 4.00 | 59.00 | 63.00 | NOTE | |
r-oldrel-macos-arm64 | 0.0.12 | 28.00 | OK | |||
r-oldrel-macos-x86_64 | 0.0.12 | 38.00 | OK | |||
r-oldrel-windows-x86_64 | 0.0.12 | 5.00 | 56.00 | 61.00 | OK |
Version: 0.0.12
Check: DESCRIPTION meta-information
Result: NOTE
Missing dependency on R >= 4.2.0 because package code uses the pipe
placeholder syntax added in R 4.2.0.
File(s) using such syntax:
‘check_hint.R’ ‘check_hints.R’ ‘check_question.R’ ‘insert_audio.R’
Flavors: r-devel-linux-x86_64-debian-clang, r-devel-linux-x86_64-debian-gcc, r-devel-linux-x86_64-fedora-clang, r-devel-linux-x86_64-fedora-gcc, r-devel-windows-x86_64, r-patched-linux-x86_64, r-release-linux-x86_64, r-release-macos-arm64, r-release-macos-x86_64, r-release-windows-x86_64
These binaries (installable software) and packages are in development.
They may not be fully stable and should be used with caution. We make no claims about them.