Last updated on 2025-10-03 03:50:33 CEST.
Flavor | Version | Tinstall | Tcheck | Ttotal | Status | Flags |
---|---|---|---|---|---|---|
r-devel-linux-x86_64-debian-clang | 0.3.1 | 4.92 | 113.83 | 118.75 | OK | |
r-devel-linux-x86_64-debian-gcc | 0.3.1 | 3.21 | 77.54 | 80.75 | OK | |
r-devel-linux-x86_64-fedora-clang | 0.3.1 | 194.93 | OK | |||
r-devel-linux-x86_64-fedora-gcc | 0.3.1 | 208.11 | OK | |||
r-devel-windows-x86_64 | 0.3.1 | 7.00 | 123.00 | 130.00 | OK | |
r-patched-linux-x86_64 | 0.3.1 | 5.16 | 107.96 | 113.12 | OK | |
r-release-linux-x86_64 | 0.3.1 | 4.54 | 106.17 | 110.71 | OK | |
r-release-macos-arm64 | 0.3.1 | 58.00 | OK | |||
r-release-macos-x86_64 | 0.3.1 | 6.00 | ERROR | |||
r-release-windows-x86_64 | 0.3.1 | 9.00 | 121.00 | 130.00 | OK | |
r-oldrel-macos-arm64 | 0.3.1 | 76.00 | OK | |||
r-oldrel-macos-x86_64 | 0.3.1 | 118.00 | OK | |||
r-oldrel-windows-x86_64 | 0.3.1 | 9.00 | 151.00 | 160.00 | OK |
Version: 0.3.1
Check: package dependencies
Result: ERROR
Packages required but not available: 'fmcsR', 'ChemmineR'
See section ‘The DESCRIPTION file’ in the ‘Writing R Extensions’
manual.
Flavor: r-release-macos-x86_64
These binaries (installable software) and packages are in development.
They may not be fully stable and should be used with caution. We make no claims about them.