CRAN Package Check Results for Package chemodiv

Last updated on 2025-05-08 04:52:01 CEST.

Flavor Version Tinstall Tcheck Ttotal Status Flags
r-devel-linux-x86_64-debian-clang 0.3.0 3.97 98.69 102.66 OK
r-devel-linux-x86_64-debian-gcc 0.3.0 2.62 68.96 71.58 OK
r-devel-linux-x86_64-fedora-clang 0.3.0 175.79 OK
r-devel-linux-x86_64-fedora-gcc 0.3.0 169.28 OK
r-devel-windows-x86_64 0.3.0 7.00 107.00 114.00 OK
r-patched-linux-x86_64 0.3.0 5.51 93.07 98.58 OK
r-release-linux-x86_64 0.3.0 4.84 93.06 97.90 OK
r-release-macos-arm64 0.3.0 55.00 OK
r-release-macos-x86_64 0.3.0 7.00 ERROR
r-release-windows-x86_64 0.3.0 6.00 109.00 115.00 OK
r-oldrel-macos-arm64 0.3.0 49.00 OK
r-oldrel-macos-x86_64 0.3.0 80.00 OK
r-oldrel-windows-x86_64 0.3.0 8.00 131.00 139.00 OK

Check Details

Version: 0.3.0
Check: package dependencies
Result: ERROR Packages required but not available: 'fmcsR', 'ChemmineR' See section ‘The DESCRIPTION file’ in the ‘Writing R Extensions’ manual. Flavor: r-release-macos-x86_64

These binaries (installable software) and packages are in development.
They may not be fully stable and should be used with caution. We make no claims about them.