CRAN Package Check Results for Package chemodiv

Last updated on 2025-02-23 01:51:36 CET.

Flavor Version Tinstall Tcheck Ttotal Status Flags
r-devel-linux-x86_64-debian-clang 0.3.0 4.35 97.72 102.07 OK
r-devel-linux-x86_64-debian-gcc 0.3.0 3.44 69.11 72.55 OK
r-devel-linux-x86_64-fedora-clang 0.3.0 159.52 OK
r-devel-linux-x86_64-fedora-gcc 0.3.0 166.97 OK
r-devel-macos-arm64 0.3.0 53.00 OK
r-devel-macos-x86_64 0.3.0 8.00 ERROR
r-devel-windows-x86_64 0.3.0 7.00 104.00 111.00 OK
r-patched-linux-x86_64 0.3.0 4.55 92.34 96.89 OK
r-release-linux-x86_64 0.3.0 4.67 90.96 95.63 OK
r-release-macos-arm64 0.3.0 49.00 OK
r-release-macos-x86_64 0.3.0 80.00 OK
r-release-windows-x86_64 0.3.0 6.00 103.00 109.00 OK
r-oldrel-macos-arm64 0.3.0 53.00 OK
r-oldrel-macos-x86_64 0.3.0 96.00 OK
r-oldrel-windows-x86_64 0.3.0 8.00 124.00 132.00 OK

Check Details

Version: 0.3.0
Check: package dependencies
Result: ERROR Packages required but not available: 'fmcsR', 'ChemmineR' See section ‘The DESCRIPTION file’ in the ‘Writing R Extensions’ manual. Flavor: r-devel-macos-x86_64

These binaries (installable software) and packages are in development.
They may not be fully stable and should be used with caution. We make no claims about them.