Last updated on 2025-07-26 07:50:18 CEST.
Flavor | Version | Tinstall | Tcheck | Ttotal | Status | Flags |
---|---|---|---|---|---|---|
r-devel-linux-x86_64-debian-clang | 1.0.1 | 5.16 | 72.04 | 77.20 | OK | |
r-devel-linux-x86_64-debian-gcc | 1.0.1 | 4.35 | 56.03 | 60.38 | OK | |
r-devel-linux-x86_64-fedora-clang | 1.0.1 | 120.64 | OK | |||
r-devel-linux-x86_64-fedora-gcc | 1.0.1 | 129.94 | OK | |||
r-devel-windows-x86_64 | 1.0.1 | 8.00 | 123.00 | 131.00 | OK | |
r-patched-linux-x86_64 | 1.0.1 | 6.34 | 67.34 | 73.68 | OK | |
r-release-linux-x86_64 | 1.0.1 | 5.21 | 67.42 | 72.63 | OK | |
r-release-macos-arm64 | 1.0.1 | 55.00 | OK | |||
r-release-macos-x86_64 | 1.0.1 | 106.00 | OK | |||
r-release-windows-x86_64 | 1.0.1 | 8.00 | 108.00 | 116.00 | OK | |
r-oldrel-macos-arm64 | 1.0.1 | 45.00 | NOTE | |||
r-oldrel-macos-x86_64 | 1.0.1 | 64.00 | NOTE | |||
r-oldrel-windows-x86_64 | 1.0.1 | 9.00 | 111.00 | 120.00 | NOTE |
Version: 1.0.1
Check: LazyData
Result: NOTE
'LazyData' is specified without a 'data' directory
Flavors: r-oldrel-macos-arm64, r-oldrel-macos-x86_64, r-oldrel-windows-x86_64
These binaries (installable software) and packages are in development.
They may not be fully stable and should be used with caution. We make no claims about them.