Last updated on 2025-02-16 10:50:43 CET.
Flavor | Version | Tinstall | Tcheck | Ttotal | Status | Flags |
---|---|---|---|---|---|---|
r-devel-linux-x86_64-debian-clang | 0.1.8 | 10.39 | 524.54 | 534.93 | OK | |
r-devel-linux-x86_64-debian-gcc | 0.1.8 | 8.17 | 504.45 | 512.62 | OK | |
r-devel-linux-x86_64-fedora-clang | 0.1.8 | 790.65 | NOTE | |||
r-devel-linux-x86_64-fedora-gcc | 0.1.8 | 754.46 | NOTE | |||
r-devel-macos-arm64 | 0.1.8 | 264.00 | OK | |||
r-devel-macos-x86_64 | 0.1.8 | 488.00 | OK | |||
r-devel-windows-x86_64 | 0.1.8 | 13.00 | 498.00 | 511.00 | OK | |
r-patched-linux-x86_64 | 0.1.8 | 11.46 | 500.06 | 511.52 | NOTE | |
r-release-linux-x86_64 | 0.1.8 | 8.93 | 496.08 | 505.01 | NOTE | |
r-release-macos-arm64 | 0.1.8 | 289.00 | NOTE | |||
r-release-macos-x86_64 | 0.1.8 | 358.00 | NOTE | |||
r-release-windows-x86_64 | 0.1.8 | 14.00 | 479.00 | 493.00 | NOTE | |
r-oldrel-macos-arm64 | 0.1.8 | 275.00 | NOTE | |||
r-oldrel-macos-x86_64 | 0.1.8 | 440.00 | NOTE | |||
r-oldrel-windows-x86_64 | 0.1.8 | 16.00 | 928.00 | 944.00 | NOTE |
Version: 0.1.8
Check: dependencies in R code
Result: NOTE
Namespaces in Imports field not imported from:
'knitr' 'rmarkdown'
All declared Imports should be used.
Flavors: r-devel-linux-x86_64-fedora-clang, r-devel-linux-x86_64-fedora-gcc
Version: 0.1.8
Check: package dependencies
Result: NOTE
Package suggested but not available for checking: ‘countreg’
Flavors: r-patched-linux-x86_64, r-release-linux-x86_64, r-release-macos-arm64, r-release-macos-x86_64, r-release-windows-x86_64, r-oldrel-macos-x86_64, r-oldrel-windows-x86_64
Version: 0.1.8
Check: package dependencies
Result: NOTE
Packages suggested but not available for checking:
'GenomicInteractions', 'Gviz', 'countreg'
Flavor: r-oldrel-macos-arm64
These binaries (installable software) and packages are in development.
They may not be fully stable and should be used with caution. We make no claims about them.