Last updated on 2025-11-11 15:50:29 CET.
| Flavor | Version | Tinstall | Tcheck | Ttotal | Status | Flags |
|---|---|---|---|---|---|---|
| r-devel-linux-x86_64-debian-clang | 0.1.8 | 9.09 | 535.04 | 544.13 | OK | |
| r-devel-linux-x86_64-debian-gcc | 0.1.8 | 7.18 | 523.64 | 530.82 | OK | |
| r-devel-linux-x86_64-fedora-clang | 0.1.8 | 51.00 | 724.57 | 775.57 | NOTE | |
| r-devel-linux-x86_64-fedora-gcc | 0.1.8 | 20.00 | 718.12 | 738.12 | NOTE | |
| r-devel-windows-x86_64 | 0.1.8 | 14.00 | 501.00 | 515.00 | OK | |
| r-patched-linux-x86_64 | 0.1.8 | 10.40 | 506.20 | 516.60 | OK | |
| r-release-linux-x86_64 | 0.1.8 | 9.95 | 512.81 | 522.76 | OK | |
| r-release-macos-arm64 | 0.1.8 | 5.00 | 343.00 | 348.00 | OK | |
| r-release-macos-x86_64 | 0.1.8 | 9.00 | 596.00 | 605.00 | OK | |
| r-release-windows-x86_64 | 0.1.8 | 13.00 | 460.00 | 473.00 | OK | |
| r-oldrel-macos-arm64 | 0.1.8 | 5.00 | 284.00 | 289.00 | NOTE | |
| r-oldrel-macos-x86_64 | 0.1.8 | 7.00 | 351.00 | 358.00 | NOTE | |
| r-oldrel-windows-x86_64 | 0.1.8 | 17.00 | 636.00 | 653.00 | NOTE |
Version: 0.1.8
Check: dependencies in R code
Result: NOTE
Namespaces in Imports field not imported from:
'knitr' 'rmarkdown'
All declared Imports should be used.
Flavors: r-devel-linux-x86_64-fedora-clang, r-devel-linux-x86_64-fedora-gcc
Version: 0.1.8
Check: package dependencies
Result: NOTE
Package suggested but not available for checking: ‘countreg’
Flavors: r-oldrel-macos-arm64, r-oldrel-macos-x86_64, r-oldrel-windows-x86_64
These binaries (installable software) and packages are in development.
They may not be fully stable and should be used with caution. We make no claims about them.