Last updated on 2024-07-27 15:50:13 CEST.
Flavor | Version | Tinstall | Tcheck | Ttotal | Status | Flags |
---|---|---|---|---|---|---|
r-devel-linux-x86_64-debian-clang | 0.1.8 | 11.18 | 581.44 | 592.62 | NOTE | |
r-devel-linux-x86_64-debian-gcc | 0.1.8 | NOTE | ||||
r-devel-linux-x86_64-fedora-clang | 0.1.8 | 742.25 | NOTE | |||
r-devel-linux-x86_64-fedora-gcc | 0.1.8 | 722.65 | NOTE | |||
r-devel-windows-x86_64 | 0.1.8 | 15.00 | 483.00 | 498.00 | NOTE | |
r-patched-linux-x86_64 | 0.1.8 | NOTE | ||||
r-release-linux-x86_64 | 0.1.8 | 9.88 | 572.76 | 582.64 | NOTE | |
r-release-macos-arm64 | 0.1.8 | 289.00 | NOTE | |||
r-release-macos-x86_64 | 0.1.8 | 358.00 | NOTE | |||
r-release-windows-x86_64 | 0.1.8 | 14.00 | 486.00 | 500.00 | NOTE | |
r-oldrel-macos-arm64 | 0.1.8 | 275.00 | NOTE | |||
r-oldrel-macos-x86_64 | 0.1.8 | 440.00 | NOTE | |||
r-oldrel-windows-x86_64 | 0.1.8 | 16.00 | 622.00 | 638.00 | NOTE |
Version: 0.1.8
Check: package dependencies
Result: NOTE
Package suggested but not available for checking: ‘countreg’
Flavors: r-devel-linux-x86_64-debian-clang, r-devel-linux-x86_64-debian-gcc, r-devel-linux-x86_64-fedora-clang, r-devel-linux-x86_64-fedora-gcc, r-devel-windows-x86_64, r-patched-linux-x86_64, r-release-linux-x86_64, r-release-macos-arm64, r-release-macos-x86_64, r-release-windows-x86_64, r-oldrel-macos-x86_64, r-oldrel-windows-x86_64
Version: 0.1.8
Check: dependencies in R code
Result: NOTE
Namespaces in Imports field not imported from:
'knitr' 'rmarkdown'
All declared Imports should be used.
Flavors: r-devel-linux-x86_64-fedora-clang, r-devel-linux-x86_64-fedora-gcc
Version: 0.1.8
Check: package dependencies
Result: NOTE
Packages suggested but not available for checking:
'GenomicInteractions', 'Gviz', 'countreg'
Flavor: r-oldrel-macos-arm64
These binaries (installable software) and packages are in development.
They may not be fully stable and should be used with caution. We make no claims about them.