CRAN Package Check Results for Package childdevdata

Last updated on 2025-07-17 01:49:44 CEST.

Flavor Version Tinstall Tcheck Ttotal Status Flags
r-devel-linux-x86_64-debian-clang 1.1.0 4.50 34.41 38.91 NOTE
r-devel-linux-x86_64-debian-gcc 1.1.0 3.07 26.49 29.56 NOTE
r-devel-linux-x86_64-fedora-clang 1.1.0 55.18 OK
r-devel-linux-x86_64-fedora-gcc 1.1.0 53.90 OK
r-devel-windows-x86_64 1.1.0 5.00 51.00 56.00 OK
r-patched-linux-x86_64 1.1.0 5.41 31.15 36.56 OK
r-release-linux-x86_64 1.1.0 3.64 31.05 34.69 OK
r-release-macos-arm64 1.1.0 20.00 OK
r-release-macos-x86_64 1.1.0 37.00 OK
r-release-windows-x86_64 1.1.0 4.00 53.00 57.00 OK
r-oldrel-macos-arm64 1.1.0 23.00 OK
r-oldrel-macos-x86_64 1.1.0 29.00 OK
r-oldrel-windows-x86_64 1.1.0 6.00 61.00 67.00 OK

Check Details

Version: 1.1.0
Check: CRAN incoming feasibility
Result: NOTE Maintainer: ‘Stef van Buuren <stef.vanbuuren@tno.nl>’ Package CITATION file contains call(s) to old-style citEntry(). Please use bibentry() instead. Flavors: r-devel-linux-x86_64-debian-clang, r-devel-linux-x86_64-debian-gcc

These binaries (installable software) and packages are in development.
They may not be fully stable and should be used with caution. We make no claims about them.