CRAN Package Check Results for Package childesr

Last updated on 2025-05-28 21:50:00 CEST.

Flavor Version Tinstall Tcheck Ttotal Status Flags
r-devel-linux-x86_64-debian-clang 0.2.3 2.20 33.50 35.70 OK
r-devel-linux-x86_64-debian-gcc 0.2.3 1.66 25.20 26.86 OK
r-devel-linux-x86_64-fedora-clang 0.2.3 55.62 NOTE
r-devel-linux-x86_64-fedora-gcc 0.2.3 65.93 NOTE
r-devel-windows-x86_64 0.2.3 4.00 83.00 87.00 OK
r-patched-linux-x86_64 0.2.3 2.58 32.38 34.96 OK
r-release-linux-x86_64 0.2.3 2.16 32.61 34.77 OK
r-release-macos-arm64 0.2.3 56.00 OK
r-release-macos-x86_64 0.2.3 102.00 OK
r-release-windows-x86_64 0.2.3 3.00 84.00 87.00 OK
r-oldrel-macos-arm64 0.2.3 58.00 OK
r-oldrel-macos-x86_64 0.2.3 72.00 OK
r-oldrel-windows-x86_64 0.2.3 4.00 91.00 95.00 OK

Check Details

Version: 0.2.3
Check: dependencies in R code
Result: NOTE Namespace in Imports field not imported from: ‘dbplyr’ All declared Imports should be used. Flavors: r-devel-linux-x86_64-fedora-clang, r-devel-linux-x86_64-fedora-gcc

These binaries (installable software) and packages are in development.
They may not be fully stable and should be used with caution. We make no claims about them.