Last updated on 2025-10-23 11:50:09 CEST.
Flavor | Version | Tinstall | Tcheck | Ttotal | Status | Flags |
---|---|---|---|---|---|---|
r-devel-linux-x86_64-debian-clang | 0.2.3 | 1.86 | 35.99 | 37.85 | NOTE | |
r-devel-linux-x86_64-debian-gcc | 0.2.3 | 1.67 | 28.75 | 30.42 | OK | |
r-devel-linux-x86_64-fedora-clang | 0.2.3 | 46.42 | NOTE | |||
r-devel-linux-x86_64-fedora-gcc | 0.2.3 | 66.23 | NOTE | |||
r-devel-windows-x86_64 | 0.2.3 | 4.00 | 97.00 | 101.00 | OK | |
r-patched-linux-x86_64 | 0.2.3 | 2.22 | 34.05 | 36.27 | OK | |
r-release-linux-x86_64 | 0.2.3 | 2.26 | 33.69 | 35.95 | OK | |
r-release-macos-arm64 | 0.2.3 | 1.00 | 55.00 | 56.00 | OK | |
r-release-macos-x86_64 | 0.2.3 | 3.00 | 99.00 | 102.00 | OK | |
r-release-windows-x86_64 | 0.2.3 | 4.00 | 85.00 | 89.00 | OK | |
r-oldrel-macos-arm64 | 0.2.3 | 1.00 | 57.00 | 58.00 | OK | |
r-oldrel-macos-x86_64 | 0.2.3 | 2.00 | 70.00 | 72.00 | OK | |
r-oldrel-windows-x86_64 | 0.2.3 | 4.00 | 96.00 | 100.00 | OK |
Version: 0.2.3
Check: HTML version of manual
Result: NOTE
Found the following HTML validation problems:
get_content.html:114:1 (get_content.Rd:54): Warning: missing </ul> before </div>
Flavor: r-devel-linux-x86_64-debian-clang
Version: 0.2.3
Check: dependencies in R code
Result: NOTE
Namespace in Imports field not imported from: ‘dbplyr’
All declared Imports should be used.
Flavors: r-devel-linux-x86_64-fedora-clang, r-devel-linux-x86_64-fedora-gcc
These binaries (installable software) and packages are in development.
They may not be fully stable and should be used with caution. We make no claims about them.