Last updated on 2025-10-23 11:50:09 CEST.
Flavor | Version | Tinstall | Tcheck | Ttotal | Status | Flags |
---|---|---|---|---|---|---|
r-devel-linux-x86_64-debian-clang | 0.76 | 34.95 | 267.39 | 302.34 | NOTE | |
r-devel-linux-x86_64-debian-gcc | 0.76 | 23.14 | 177.44 | 200.58 | NOTE | |
r-devel-linux-x86_64-fedora-clang | 0.76 | 163.00 | 313.22 | 476.22 | NOTE | |
r-devel-linux-x86_64-fedora-gcc | 0.76 | 165.00 | 307.65 | 472.65 | NOTE | |
r-devel-windows-x86_64 | 0.76 | 37.00 | 301.00 | 338.00 | OK | |
r-patched-linux-x86_64 | 0.76 | 35.03 | 252.28 | 287.31 | OK | |
r-release-linux-x86_64 | 0.76 | 36.41 | 251.30 | 287.71 | OK | |
r-release-macos-arm64 | 0.76 | 12.00 | 96.00 | 108.00 | OK | |
r-release-macos-x86_64 | 0.76 | 39.00 | 243.00 | 282.00 | OK | |
r-release-windows-x86_64 | 0.76 | 40.00 | 303.00 | 343.00 | OK | |
r-oldrel-macos-arm64 | 0.76 | 10.00 | 248.00 | 258.00 | OK | |
r-oldrel-macos-x86_64 | 0.76 | 16.00 | 314.00 | 330.00 | OK | |
r-oldrel-windows-x86_64 | 0.76 | 53.00 | 387.00 | 440.00 | OK |
Version: 0.76
Check: HTML version of manual
Result: NOTE
Found the following HTML validation problems:
genSeason.html:56:1 (genSeason.Rd:14): Warning: missing </ul> before </div>
Flavor: r-devel-linux-x86_64-debian-clang
Version: 0.76
Check: Rd files
Result: NOTE
checkRd: (-1) chillR-package.Rd:7: height/width attributes should be in pixels
checkRd: (-1) plot_phenology_trends.Rd:82: height/width attributes should be in pixels
checkRd: (-1) plot_scenarios.Rd:108: height/width attributes should be in pixels
Flavors: r-devel-linux-x86_64-debian-gcc, r-devel-linux-x86_64-fedora-clang, r-devel-linux-x86_64-fedora-gcc
These binaries (installable software) and packages are in development.
They may not be fully stable and should be used with caution. We make no claims about them.