Last updated on 2024-07-27 15:50:13 CEST.
Flavor | Version | Tinstall | Tcheck | Ttotal | Status | Flags |
---|---|---|---|---|---|---|
r-devel-linux-x86_64-debian-clang | 0.75 | 45.03 | 312.13 | 357.16 | OK | |
r-devel-linux-x86_64-debian-gcc | 0.75 | NOTE | ||||
r-devel-linux-x86_64-fedora-clang | 0.75 | 456.87 | NOTE | |||
r-devel-linux-x86_64-fedora-gcc | 0.75 | 434.37 | OK | |||
r-devel-windows-x86_64 | 0.75 | 43.00 | 284.00 | 327.00 | NOTE | |
r-patched-linux-x86_64 | 0.75 | OK | ||||
r-release-linux-x86_64 | 0.75 | 29.32 | 302.09 | 331.41 | OK | |
r-release-macos-arm64 | 0.75 | 121.00 | OK | |||
r-release-macos-x86_64 | 0.75 | 185.00 | OK | |||
r-release-windows-x86_64 | 0.75 | 42.00 | 282.00 | 324.00 | OK | |
r-oldrel-macos-arm64 | 0.75 | 123.00 | OK | |||
r-oldrel-macos-x86_64 | 0.75 | 315.00 | OK | |||
r-oldrel-windows-x86_64 | 0.75 | 51.00 | 354.00 | 405.00 | OK |
Version: 0.75
Check: Rd cross-references
Result: NOTE
Found the following Rd file(s) with Rd \link{} targets missing package
anchors:
chillR-package.Rd: ggplot2
plot_phenology_trends.Rd: fields, ggplot2
plot_scenarios.Rd: ggplot2, patchwork
Please provide package anchors for all Rd \link{} targets not in the
package itself and the base packages.
Flavors: r-devel-linux-x86_64-debian-gcc, r-devel-windows-x86_64
Version: 0.75
Check: package dependencies
Result: NOTE
Imports includes 29 non-default packages.
Importing from so many packages makes the package vulnerable to any of
them becoming unavailable. Move as many as possible to Suggests and
use conditionally.
Flavor: r-devel-linux-x86_64-fedora-clang
These binaries (installable software) and packages are in development.
They may not be fully stable and should be used with caution. We make no claims about them.