CRAN Package Check Results for Package chinese.misc

Last updated on 2025-05-01 08:52:29 CEST.

Flavor Version Tinstall Tcheck Ttotal Status Flags
r-devel-linux-x86_64-debian-clang 0.2.3 10.08 78.33 88.41 OK
r-devel-linux-x86_64-debian-gcc 0.2.3 6.47 55.45 61.92 OK
r-devel-linux-x86_64-fedora-clang 0.2.3 131.39 WARN
r-devel-linux-x86_64-fedora-gcc 0.2.3 135.23 WARN
r-devel-windows-x86_64 0.2.3 12.00 110.00 122.00 OK
r-patched-linux-x86_64 0.2.3 10.61 77.76 88.37 OK
r-release-linux-x86_64 OK
r-release-macos-arm64 0.2.3 44.00 OK
r-release-macos-x86_64 0.2.3 104.00 OK
r-release-windows-x86_64 0.2.3 14.00 113.00 127.00 OK
r-oldrel-macos-arm64 0.2.3 36.00 NOTE
r-oldrel-macos-x86_64 0.2.3 57.00 NOTE
r-oldrel-windows-x86_64 0.2.3 15.00 125.00 140.00 NOTE

Check Details

Version: 0.2.3
Check: package dependencies
Result: WARN Requires orphaned package: ‘jiebaR’ Flavors: r-devel-linux-x86_64-fedora-clang, r-devel-linux-x86_64-fedora-gcc

Version: 0.2.3
Check: LazyData
Result: NOTE 'LazyData' is specified without a 'data' directory Flavors: r-oldrel-macos-arm64, r-oldrel-macos-x86_64, r-oldrel-windows-x86_64

These binaries (installable software) and packages are in development.
They may not be fully stable and should be used with caution. We make no claims about them.