Last updated on 2025-10-23 17:50:44 CEST.
Flavor | Version | Tinstall | Tcheck | Ttotal | Status | Flags |
---|---|---|---|---|---|---|
r-devel-linux-x86_64-debian-clang | 1.0-2 | 15.80 | 131.54 | 147.34 | NOTE | |
r-devel-linux-x86_64-debian-gcc | 1.0-2 | 9.56 | 92.89 | 102.45 | NOTE | |
r-devel-linux-x86_64-fedora-clang | 1.0-2 | 16.00 | 139.59 | 155.59 | NOTE | |
r-devel-linux-x86_64-fedora-gcc | 1.0-2 | 29.00 | 198.78 | 227.78 | NOTE | |
r-devel-windows-x86_64 | 1.0-2 | 17.00 | 156.00 | 173.00 | NOTE | |
r-patched-linux-x86_64 | 1.0-2 | 16.14 | 127.31 | 143.45 | NOTE | |
r-release-linux-x86_64 | 1.0-2 | 12.61 | 125.50 | 138.11 | NOTE | |
r-release-macos-arm64 | 1.0-2 | 7.00 | 70.00 | 77.00 | NOTE | |
r-release-macos-x86_64 | 1.0-2 | 15.00 | 130.00 | 145.00 | NOTE | |
r-release-windows-x86_64 | 1.0-2 | 19.00 | 160.00 | 179.00 | NOTE | |
r-oldrel-macos-arm64 | 1.0-2 | 6.00 | 56.00 | 62.00 | NOTE | |
r-oldrel-macos-x86_64 | 1.0-2 | 10.00 | 92.00 | 102.00 | NOTE | |
r-oldrel-windows-x86_64 | 1.0-2 | 23.00 | 192.00 | 215.00 | NOTE |
Version: 1.0-2
Check: CRAN incoming feasibility
Result: NOTE
Maintainer: ‘Stefan Roediger <stefan.roediger@b-tu.de>’
Package CITATION file contains call(s) to old-style citEntry(). Please
use bibentry() instead.
Flavors: r-devel-linux-x86_64-debian-clang, r-devel-linux-x86_64-debian-gcc
Version: 1.0-2
Check: Rd files
Result: NOTE
checkRd: (-1) C316.amp.Rd:28-32: Lost braces
28 | 40 x {
| ^
checkRd: (-1) C317.amp.Rd:28-32: Lost braces
28 | 40 x {
| ^
checkRd: (-1) C60.amp.Rd:63-67: Lost braces
63 | 40 x {
| ^
Flavors: r-devel-linux-x86_64-debian-clang, r-devel-linux-x86_64-debian-gcc, r-devel-linux-x86_64-fedora-clang, r-devel-linux-x86_64-fedora-gcc, r-devel-windows-x86_64, r-patched-linux-x86_64, r-release-linux-x86_64, r-release-macos-arm64, r-release-macos-x86_64, r-release-windows-x86_64, r-oldrel-macos-arm64, r-oldrel-macos-x86_64, r-oldrel-windows-x86_64
These binaries (installable software) and packages are in development.
They may not be fully stable and should be used with caution. We make no claims about them.