CRAN Package Check Results for Package chirps

Last updated on 2025-10-23 17:50:44 CEST.

Flavor Version Tinstall Tcheck Ttotal Status Flags
r-devel-linux-x86_64-debian-clang 0.1.4 24.71 198.33 223.04 NOTE
r-devel-linux-x86_64-debian-gcc 0.1.4 14.78 117.27 132.05 NOTE
r-devel-linux-x86_64-fedora-clang 0.1.4 27.00 213.19 240.19 OK
r-devel-linux-x86_64-fedora-gcc 0.1.4 48.00 298.59 346.59 OK
r-devel-windows-x86_64 0.1.4 22.00 153.00 175.00 OK
r-patched-linux-x86_64 0.1.4 22.33 184.95 207.28 OK
r-release-linux-x86_64 0.1.4 23.23 186.98 210.21 OK
r-release-macos-arm64 0.1.4 10.00 78.00 88.00 OK
r-release-macos-x86_64 0.1.4 34.00 172.00 206.00 OK
r-release-windows-x86_64 0.1.4 20.00 157.00 177.00 OK
r-oldrel-macos-arm64 0.1.4 9.00 64.00 73.00 OK
r-oldrel-macos-x86_64 0.1.4 15.00 118.00 133.00 OK
r-oldrel-windows-x86_64 0.1.4 31.00 213.00 244.00 OK

Check Details

Version: 0.1.4
Check: CRAN incoming feasibility
Result: NOTE Maintainer: ‘Kauê de Sousa <kaue.desousa@inn.no>’ Package CITATION file contains call(s) to old-style citEntry(). Please use bibentry() instead. Flavors: r-devel-linux-x86_64-debian-clang, r-devel-linux-x86_64-debian-gcc

These binaries (installable software) and packages are in development.
They may not be fully stable and should be used with caution. We make no claims about them.