Last updated on 2025-05-08 04:52:01 CEST.
Flavor | Version | Tinstall | Tcheck | Ttotal | Status | Flags |
---|---|---|---|---|---|---|
r-devel-linux-x86_64-debian-clang | 0.1.4 | 24.57 | 196.60 | 221.17 | NOTE | |
r-devel-linux-x86_64-debian-gcc | 0.1.4 | 15.03 | 118.88 | 133.91 | NOTE | |
r-devel-linux-x86_64-fedora-clang | 0.1.4 | 363.35 | OK | |||
r-devel-linux-x86_64-fedora-gcc | 0.1.4 | 356.71 | OK | |||
r-devel-windows-x86_64 | 0.1.4 | 21.00 | 153.00 | 174.00 | OK | |
r-patched-linux-x86_64 | 0.1.4 | 23.12 | 182.08 | 205.20 | OK | |
r-release-linux-x86_64 | 0.1.4 | 23.79 | 185.14 | 208.93 | OK | |
r-release-macos-arm64 | 0.1.4 | 88.00 | OK | |||
r-release-macos-x86_64 | 0.1.4 | 206.00 | OK | |||
r-release-windows-x86_64 | 0.1.4 | 20.00 | 158.00 | 178.00 | OK | |
r-oldrel-macos-arm64 | 0.1.4 | 73.00 | OK | |||
r-oldrel-macos-x86_64 | 0.1.4 | 133.00 | OK | |||
r-oldrel-windows-x86_64 | 0.1.4 | 29.00 | 209.00 | 238.00 | OK |
Version: 0.1.4
Check: CRAN incoming feasibility
Result: NOTE
Maintainer: ‘Kauê de Sousa <kaue.desousa@inn.no>’
Package CITATION file contains call(s) to old-style citEntry(). Please
use bibentry() instead.
Flavors: r-devel-linux-x86_64-debian-clang, r-devel-linux-x86_64-debian-gcc
These binaries (installable software) and packages are in development.
They may not be fully stable and should be used with caution. We make no claims about them.