Last updated on 2025-07-24 01:50:16 CEST.
Flavor | Version | Tinstall | Tcheck | Ttotal | Status | Flags |
---|---|---|---|---|---|---|
r-devel-linux-x86_64-debian-clang | 0.1.4 | 25.04 | 197.52 | 222.56 | NOTE | |
r-devel-linux-x86_64-debian-gcc | 0.1.4 | 14.18 | 116.50 | 130.68 | NOTE | |
r-devel-linux-x86_64-fedora-clang | 0.1.4 | 373.57 | OK | |||
r-devel-linux-x86_64-fedora-gcc | 0.1.4 | 355.58 | OK | |||
r-devel-windows-x86_64 | 0.1.4 | 23.00 | 150.00 | 173.00 | OK | |
r-patched-linux-x86_64 | 0.1.4 | 22.45 | 183.72 | 206.17 | OK | |
r-release-linux-x86_64 | 0.1.4 | 21.13 | 186.39 | 207.52 | OK | |
r-release-macos-arm64 | 0.1.4 | 88.00 | OK | |||
r-release-macos-x86_64 | 0.1.4 | 206.00 | OK | |||
r-release-windows-x86_64 | 0.1.4 | 20.00 | 150.00 | 170.00 | OK | |
r-oldrel-macos-arm64 | 0.1.4 | 73.00 | OK | |||
r-oldrel-macos-x86_64 | 0.1.4 | 133.00 | OK | |||
r-oldrel-windows-x86_64 | 0.1.4 | 29.00 | 211.00 | 240.00 | OK |
Version: 0.1.4
Check: CRAN incoming feasibility
Result: NOTE
Maintainer: ‘Kauê de Sousa <kaue.desousa@inn.no>’
Package CITATION file contains call(s) to old-style citEntry(). Please
use bibentry() instead.
Flavors: r-devel-linux-x86_64-debian-clang, r-devel-linux-x86_64-debian-gcc
These binaries (installable software) and packages are in development.
They may not be fully stable and should be used with caution. We make no claims about them.