Last updated on 2025-11-11 15:50:29 CET.
| Flavor | Version | Tinstall | Tcheck | Ttotal | Status | Flags |
|---|---|---|---|---|---|---|
| r-devel-linux-x86_64-debian-clang | 5.0.1 | 19.22 | 112.48 | 131.70 | OK | |
| r-devel-linux-x86_64-debian-gcc | 5.0.1 | 14.78 | 78.47 | 93.25 | OK | |
| r-devel-linux-x86_64-fedora-clang | 5.0.1 | 39.00 | 156.86 | 195.86 | OK | |
| r-devel-linux-x86_64-fedora-gcc | 5.0.1 | 41.00 | 150.24 | 191.24 | OK | |
| r-devel-windows-x86_64 | 5.0.1 | 22.00 | 111.00 | 133.00 | OK | |
| r-patched-linux-x86_64 | 5.0.1 | 19.27 | 102.96 | 122.23 | OK | |
| r-release-linux-x86_64 | 5.0.1 | 19.70 | 101.27 | 120.97 | OK | |
| r-release-macos-arm64 | 5.0.1 | 11.00 | 44.00 | 55.00 | OK | |
| r-release-macos-x86_64 | 5.0.1 | 22.00 | 106.00 | 128.00 | OK | |
| r-release-windows-x86_64 | 5.0.1 | 22.00 | 110.00 | 132.00 | OK | |
| r-oldrel-macos-arm64 | 5.0.1 | 11.00 | 45.00 | 56.00 | NOTE | |
| r-oldrel-macos-x86_64 | 5.0.1 | 21.00 | 98.00 | 119.00 | NOTE | |
| r-oldrel-windows-x86_64 | 5.0.1 | 28.00 | 137.00 | 165.00 | OK |
Version: 5.0.1
Check: installed package size
Result: NOTE
installed size is 5.0Mb
sub-directories of 1Mb or more:
data 4.6Mb
Flavors: r-oldrel-macos-arm64, r-oldrel-macos-x86_64
These binaries (installable software) and packages are in development.
They may not be fully stable and should be used with caution. We make no claims about them.