Last updated on 2025-02-19 16:50:43 CET.
Flavor | Version | Tinstall | Tcheck | Ttotal | Status | Flags |
---|---|---|---|---|---|---|
r-devel-linux-x86_64-debian-clang | 1.1.1 | 5.32 | 46.51 | 51.83 | OK | |
r-devel-linux-x86_64-debian-gcc | 1.1.1 | 3.91 | 33.52 | 37.43 | OK | |
r-devel-linux-x86_64-fedora-clang | 1.1.1 | 75.23 | OK | |||
r-devel-linux-x86_64-fedora-gcc | 1.1.1 | 72.30 | OK | |||
r-devel-macos-arm64 | 1.1.1 | 26.00 | OK | |||
r-devel-macos-x86_64 | 1.1.1 | 51.00 | OK | |||
r-devel-windows-x86_64 | 1.1.1 | 7.00 | 68.00 | 75.00 | OK | |
r-patched-linux-x86_64 | 1.1.1 | 5.26 | 43.98 | 49.24 | OK | |
r-release-linux-x86_64 | 1.1.1 | 4.59 | 44.39 | 48.98 | OK | |
r-release-macos-arm64 | 1.1.1 | 27.00 | NOTE | |||
r-release-macos-x86_64 | 1.1.1 | 40.00 | NOTE | |||
r-release-windows-x86_64 | 1.1.1 | 7.00 | 3.00 | 10.00 | FAIL | |
r-oldrel-macos-arm64 | 1.1.1 | 28.00 | NOTE | |||
r-oldrel-macos-x86_64 | 1.1.1 | 42.00 | NOTE | |||
r-oldrel-windows-x86_64 | 1.1.1 | 9.00 | 71.00 | 80.00 | NOTE |
Version: 1.1.1
Check: installed package size
Result: NOTE
installed size is 18.0Mb
sub-directories of 1Mb or more:
data 17.9Mb
Flavors: r-release-macos-arm64, r-release-macos-x86_64, r-oldrel-macos-arm64, r-oldrel-macos-x86_64, r-oldrel-windows-x86_64
Version: 1.1.1
Check: package dependencies
Result: FAIL
Flavor: r-release-windows-x86_64
These binaries (installable software) and packages are in development.
They may not be fully stable and should be used with caution. We make no claims about them.