CRAN Package Check Results for Package choroplethrAdmin1

Last updated on 2025-07-26 07:50:18 CEST.

Flavor Version Tinstall Tcheck Ttotal Status Flags
r-devel-linux-x86_64-debian-clang 1.1.1 4.70 52.26 56.96 NOTE
r-devel-linux-x86_64-debian-gcc 1.1.1 3.88 36.34 40.22 NOTE
r-devel-linux-x86_64-fedora-clang 1.1.1 82.90 OK
r-devel-linux-x86_64-fedora-gcc 1.1.1 78.71 OK
r-devel-windows-x86_64 1.1.1 7.00 75.00 82.00 OK
r-patched-linux-x86_64 1.1.1 3.82 49.50 53.32 OK
r-release-linux-x86_64 1.1.1 4.70 48.90 53.60 OK
r-release-macos-arm64 1.1.1 32.00 OK
r-release-macos-x86_64 1.1.1 46.00 OK
r-release-windows-x86_64 1.1.1 7.00 68.00 75.00 OK
r-oldrel-macos-arm64 1.1.1 27.00 NOTE
r-oldrel-macos-x86_64 1.1.1 40.00 NOTE
r-oldrel-windows-x86_64 1.1.1 9.00 80.00 89.00 NOTE

Check Details

Version: 1.1.1
Check: CRAN incoming feasibility
Result: NOTE Maintainer: ‘Ari Lamstein <ari@lamsteinconsulting.com>’ No Authors@R field in DESCRIPTION. Please add one, modifying Authors@R: person(given = "Ari", family = "Lamstein", role = c("aut", "cre"), email = "ari@lamsteinconsulting.com") as necessary. Flavors: r-devel-linux-x86_64-debian-clang, r-devel-linux-x86_64-debian-gcc

Version: 1.1.1
Check: installed package size
Result: NOTE installed size is 18.0Mb sub-directories of 1Mb or more: data 17.9Mb Flavors: r-oldrel-macos-arm64, r-oldrel-macos-x86_64, r-oldrel-windows-x86_64

These binaries (installable software) and packages are in development.
They may not be fully stable and should be used with caution. We make no claims about them.