Last updated on 2025-10-03 07:49:35 CEST.
Flavor | Version | Tinstall | Tcheck | Ttotal | Status | Flags |
---|---|---|---|---|---|---|
r-devel-linux-x86_64-debian-clang | 0.7.5 | 12.42 | 117.33 | 129.75 | OK | |
r-devel-linux-x86_64-debian-gcc | 0.7.5 | 10.10 | 81.80 | 91.90 | OK | |
r-devel-linux-x86_64-fedora-clang | 0.7.5 | 222.99 | OK | |||
r-devel-linux-x86_64-fedora-gcc | 0.7.5 | 214.23 | OK | |||
r-devel-windows-x86_64 | 0.7.5 | 17.00 | 171.00 | 188.00 | OK | |
r-patched-linux-x86_64 | 0.7.5 | 13.82 | 109.07 | 122.89 | OK | |
r-release-linux-x86_64 | 0.7.5 | 12.46 | 107.24 | 119.70 | OK | |
r-release-macos-arm64 | 0.7.5 | 50.00 | OK | |||
r-release-macos-x86_64 | 0.7.5 | 119.00 | OK | |||
r-release-windows-x86_64 | 0.7.5 | 14.00 | 168.00 | 182.00 | OK | |
r-oldrel-macos-arm64 | 0.7.5 | 66.00 | NOTE | |||
r-oldrel-macos-x86_64 | 0.7.5 | 98.00 | NOTE | |||
r-oldrel-windows-x86_64 | 0.7.5 | 21.00 | 172.00 | 193.00 | NOTE |
Version: 0.7.5
Check: package dependencies
Result: NOTE
Packages suggested but not available for checking:
'entab', 'chromConverterExtraTests'
Flavors: r-oldrel-macos-arm64, r-oldrel-macos-x86_64, r-oldrel-windows-x86_64
These binaries (installable software) and packages are in development.
They may not be fully stable and should be used with caution. We make no claims about them.