CRAN Package Check Results for Package chromoMap

Last updated on 2025-05-08 04:52:01 CEST.

Flavor Version Tinstall Tcheck Ttotal Status Flags
r-devel-linux-x86_64-debian-clang 4.1.1 4.46 40.66 45.12 OK
r-devel-linux-x86_64-debian-gcc 4.1.1 3.09 30.77 33.86 OK
r-devel-linux-x86_64-fedora-clang 4.1.1 72.88 NOTE
r-devel-linux-x86_64-fedora-gcc 4.1.1 85.66 NOTE
r-devel-windows-x86_64 4.1.1 7.00 63.00 70.00 OK
r-patched-linux-x86_64 4.1.1 3.81 38.56 42.37 OK
r-release-linux-x86_64 4.1.1 4.80 38.50 43.30 OK
r-release-macos-arm64 4.1.1 71.00 OK
r-release-macos-x86_64 4.1.1 58.00 OK
r-release-windows-x86_64 4.1.1 7.00 64.00 71.00 OK
r-oldrel-macos-arm64 4.1.1 30.00 OK
r-oldrel-macos-x86_64 4.1.1 48.00 OK
r-oldrel-windows-x86_64 4.1.1 7.00 74.00 81.00 OK

Check Details

Version: 4.1.1
Check: dependencies in R code
Result: NOTE Namespace in Imports field not imported from: ‘htmltools’ All declared Imports should be used. Flavors: r-devel-linux-x86_64-fedora-clang, r-devel-linux-x86_64-fedora-gcc

These binaries (installable software) and packages are in development.
They may not be fully stable and should be used with caution. We make no claims about them.