Last updated on 2025-05-01 12:49:24 CEST.
Flavor | Version | Tinstall | Tcheck | Ttotal | Status | Flags |
---|---|---|---|---|---|---|
r-devel-linux-x86_64-debian-clang | 0.5.1 | 9.46 | 65.36 | 74.82 | NOTE | |
r-devel-linux-x86_64-debian-gcc | 0.5.1 | 6.65 | 49.97 | 56.62 | NOTE | |
r-devel-linux-x86_64-fedora-clang | 0.5.1 | 123.28 | OK | |||
r-devel-linux-x86_64-fedora-gcc | 0.5.1 | 134.47 | OK | |||
r-devel-windows-x86_64 | 0.5.1 | 9.00 | 94.00 | 103.00 | OK | |
r-patched-linux-x86_64 | 0.5.1 | 11.39 | 60.61 | 72.00 | OK | |
r-release-linux-x86_64 | OK | |||||
r-release-macos-arm64 | 0.5.1 | 77.00 | OK | |||
r-release-macos-x86_64 | 0.5.1 | 117.00 | OK | |||
r-release-windows-x86_64 | 0.5.1 | 11.00 | 98.00 | 109.00 | OK | |
r-oldrel-macos-arm64 | 0.5.1 | 53.00 | OK | |||
r-oldrel-macos-x86_64 | 0.5.1 | 143.00 | OK | |||
r-oldrel-windows-x86_64 | 0.5.1 | 13.00 | 97.00 | 110.00 | OK |
Version: 0.5.1
Check: DESCRIPTION meta-information
Result: NOTE
Author field differs from that derived from Authors@R
Author: ‘Garrick Aden-Buie [aut, cre] (<https://orcid.org/0000-0002-7111-0077>), Winston Chang [aut], Barret Schloerke [aut] (<https://orcid.org/0000-0001-9986-114X>), Posit Software, PBC [cph, fnd] (03wc8by49)’
Authors@R: ‘Garrick Aden-Buie [aut, cre] (ORCID: <https://orcid.org/0000-0002-7111-0077>), Winston Chang [aut], Barret Schloerke [aut] (ORCID: <https://orcid.org/0000-0001-9986-114X>), Posit Software, PBC [cph, fnd] (ROR: <https://ror.org/03wc8by49>)’
Flavors: r-devel-linux-x86_64-debian-clang, r-devel-linux-x86_64-debian-gcc
These binaries (installable software) and packages are in development.
They may not be fully stable and should be used with caution. We make no claims about them.