CRAN Package Check Results for Package chromseq

Last updated on 2025-11-11 15:50:29 CET.

Flavor Version Tinstall Tcheck Ttotal Status Flags
r-devel-linux-x86_64-debian-clang 0.1.3 1.95 20.93 22.88 OK
r-devel-linux-x86_64-debian-gcc 0.1.3 1.59 16.71 18.30 OK
r-devel-linux-x86_64-fedora-clang 0.1.3 31.92 NOTE
r-devel-linux-x86_64-fedora-gcc 0.1.3 30.37 NOTE
r-devel-windows-x86_64 0.1.3 5.00 40.00 45.00 OK
r-patched-linux-x86_64 0.1.3 1.66 18.65 20.31 OK
r-release-linux-x86_64 0.1.3 1.50 18.92 20.42 OK
r-release-macos-arm64 0.1.3 1.00 19.00 20.00 OK
r-release-macos-x86_64 0.1.3 2.00 21.00 23.00 OK
r-release-windows-x86_64 0.1.3 3.00 39.00 42.00 OK
r-oldrel-macos-arm64 0.1.3 1.00 17.00 18.00 OK
r-oldrel-macos-x86_64 0.1.3 2.00 20.00 22.00 OK
r-oldrel-windows-x86_64 0.1.3 3.00 39.00 42.00 OK

Check Details

Version: 0.1.3
Check: dependencies in R code
Result: NOTE Namespace in Imports field not imported from: ‘base’ All declared Imports should be used. Flavors: r-devel-linux-x86_64-fedora-clang, r-devel-linux-x86_64-fedora-gcc

These binaries (installable software) and packages are in development.
They may not be fully stable and should be used with caution. We make no claims about them.