Last updated on 2025-10-09 23:51:09 CEST.
Flavor | Version | Tinstall | Tcheck | Ttotal | Status | Flags |
---|---|---|---|---|---|---|
r-devel-linux-x86_64-debian-clang | 0.1.3 | 1.82 | 20.94 | 22.76 | OK | |
r-devel-linux-x86_64-debian-gcc | 0.1.3 | 1.45 | 17.47 | 18.92 | OK | |
r-devel-linux-x86_64-fedora-clang | 0.1.3 | 26.59 | NOTE | |||
r-devel-linux-x86_64-fedora-gcc | 0.1.3 | 30.43 | NOTE | |||
r-devel-windows-x86_64 | 0.1.3 | 4.00 | 40.00 | 44.00 | OK | |
r-patched-linux-x86_64 | 0.1.3 | 1.89 | 18.80 | 20.69 | OK | |
r-release-linux-x86_64 | 0.1.3 | 1.86 | 18.82 | 20.68 | OK | |
r-release-macos-arm64 | 0.1.3 | 20.00 | OK | |||
r-release-macos-x86_64 | 0.1.3 | 23.00 | OK | |||
r-release-windows-x86_64 | 0.1.3 | 4.00 | 45.00 | 49.00 | OK | |
r-oldrel-macos-arm64 | 0.1.3 | 18.00 | OK | |||
r-oldrel-macos-x86_64 | 0.1.3 | 22.00 | OK | |||
r-oldrel-windows-x86_64 | 0.1.3 | 3.00 | 39.00 | 42.00 | OK |
Version: 0.1.3
Check: dependencies in R code
Result: NOTE
Namespace in Imports field not imported from: ‘base’
All declared Imports should be used.
Flavors: r-devel-linux-x86_64-fedora-clang, r-devel-linux-x86_64-fedora-gcc
These binaries (installable software) and packages are in development.
They may not be fully stable and should be used with caution. We make no claims about them.